Last updated on 2024-03-28 23:01:54 CET.
Flavor | Version | Tinstall | Tcheck | Ttotal | Status | Flags |
---|---|---|---|---|---|---|
r-devel-linux-x86_64-debian-clang | 2.1 | 5.59 | 53.18 | 58.77 | NOTE | |
r-devel-linux-x86_64-debian-gcc | 2.1 | 4.34 | 40.90 | 45.24 | NOTE | |
r-devel-linux-x86_64-fedora-clang | 2.1 | 77.27 | NOTE | |||
r-devel-linux-x86_64-fedora-gcc | 2.1 | 71.40 | NOTE | |||
r-devel-windows-x86_64 | 2.1 | 6.00 | 66.00 | 72.00 | NOTE | |
r-patched-linux-x86_64 | 2.1 | 5.65 | 51.85 | 57.50 | NOTE | |
r-release-linux-x86_64 | 2.1 | 5.70 | 52.25 | 57.95 | OK | |
r-release-macos-arm64 | 2.1 | 26.00 | OK | |||
r-release-macos-x86_64 | 2.1 | 38.00 | OK | |||
r-release-windows-x86_64 | 2.1 | 6.00 | 69.00 | 75.00 | OK | |
r-oldrel-macos-arm64 | 2.1 | 24.00 | OK | |||
r-oldrel-windows-x86_64 | 2.1 | 7.00 | 74.00 | 81.00 | OK |
Version: 2.1
Check: Rd files
Result: NOTE
checkRd: (-1) get.psid.Rd:14: Lost braces
14 | \item{params}{postForm{RCurl} parameters}
| ^
checkRd: (-1) get.psid.Rd:16: Lost braces
16 | \item{curl}{postForm{RCurl} curl handle}
| ^
Flavors: r-devel-linux-x86_64-debian-clang, r-devel-linux-x86_64-debian-gcc, r-devel-linux-x86_64-fedora-clang, r-devel-linux-x86_64-fedora-gcc, r-devel-windows-x86_64, r-patched-linux-x86_64