CRAN Package Check Results for Package psychNET

Last updated on 2020-02-17 22:49:43 CET.

Flavor Version Tinstall Tcheck Ttotal Status Flags
r-devel-linux-x86_64-debian-clang 0.0.3 0.30 2.20 2.50 ERROR
r-devel-linux-x86_64-debian-gcc 0.0.3 13.99 135.42 149.41 OK
r-devel-linux-x86_64-fedora-clang 0.0.3 246.25 NOTE
r-devel-linux-x86_64-fedora-gcc 0.0.3 237.10 OK
r-devel-windows-ix86+x86_64 0.0.3 53.00 168.00 221.00 OK
r-devel-windows-ix86+x86_64-gcc8 0.0.3 64.00 176.00 240.00 OK
r-patched-linux-x86_64 0.0.3 14.76 150.01 164.77 OK
r-patched-solaris-x86 0.0.3 336.90 OK
r-release-linux-x86_64 0.0.3 17.16 153.26 170.42 OK
r-release-windows-ix86+x86_64 0.0.3 43.00 172.00 215.00 OK
r-release-osx-x86_64 0.0.3 OK
r-oldrel-windows-ix86+x86_64 0.0.3 27.00 242.00 269.00 OK
r-oldrel-osx-x86_64 0.0.3 OK

Check Details

Version: 0.0.3
Check: package dependencies
Result: ERROR
    Packages required but not available: 'networktools', 'car'
    
    See section 'The DESCRIPTION file' in the 'Writing R Extensions'
    manual.
Flavor: r-devel-linux-x86_64-debian-clang

Version: 0.0.3
Check: package dependencies
Result: NOTE
    Imports includes 21 non-default packages.
    Importing from so many packages makes the package vulnerable to any of
    them becoming unavailable. Move as many as possible to Suggests and
    use conditionally.
Flavor: r-devel-linux-x86_64-fedora-clang