CRAN Package Check Results for Package psychReport

Last updated on 2020-02-17 22:49:43 CET.

Flavor Version Tinstall Tcheck Ttotal Status Flags
r-devel-linux-x86_64-debian-clang 0.7 0.40 2.22 2.62 ERROR
r-devel-linux-x86_64-debian-gcc 0.7 10.18 101.77 111.95 OK
r-devel-linux-x86_64-fedora-clang 0.7 172.70 OK
r-devel-linux-x86_64-fedora-gcc 0.7 170.60 OK
r-devel-windows-ix86+x86_64 0.7 28.00 124.00 152.00 OK
r-devel-windows-ix86+x86_64-gcc8 0.7 47.00 125.00 172.00 OK
r-patched-linux-x86_64 0.7 10.48 115.64 126.12 OK
r-patched-solaris-x86 0.7 206.10 OK
r-release-linux-x86_64 0.7 9.88 117.61 127.49 OK
r-release-windows-ix86+x86_64 0.7 30.00 122.00 152.00 OK
r-release-osx-x86_64 0.7 OK
r-oldrel-windows-ix86+x86_64 0.7 13.00 111.00 124.00 OK
r-oldrel-osx-x86_64 0.7 OK

Check Details

Version: 0.7
Check: package dependencies
Result: ERROR
    Package required but not available: 'ez'
    
    See section 'The DESCRIPTION file' in the 'Writing R Extensions'
    manual.
Flavor: r-devel-linux-x86_64-debian-clang