CRAN Package Check Results for Package psyosphere

Last updated on 2020-01-17 22:51:02 CET.

Flavor Version Tinstall Tcheck Ttotal Status Flags
r-devel-linux-x86_64-debian-clang 0.1.4 15.52 120.38 135.90 OK
r-devel-linux-x86_64-debian-gcc 0.1.4 19.62 107.13 126.75 WARN
r-devel-linux-x86_64-fedora-clang 0.1.4 191.86 WARN
r-devel-linux-x86_64-fedora-gcc 0.1.4 172.86 OK
r-devel-windows-ix86+x86_64 0.1.4 39.00 198.00 237.00 OK
r-devel-windows-ix86+x86_64-gcc8 0.1.4 33.00 195.00 228.00 OK
r-patched-linux-x86_64 0.1.4 15.76 114.01 129.77 OK
r-patched-solaris-x86 0.1.4 274.50 OK
r-release-linux-x86_64 0.1.4 17.45 114.91 132.36 OK
r-release-windows-ix86+x86_64 0.1.4 33.00 200.00 233.00 OK
r-release-osx-x86_64 0.1.4 OK
r-oldrel-windows-ix86+x86_64 0.1.4 34.00 85.00 119.00 OK
r-oldrel-osx-x86_64 0.1.4 OK

Check Details

Version: 0.1.4
Check: package dependencies
Result: WARN
    Requires orphaned package: ‘SDMTools’
Flavors: r-devel-linux-x86_64-debian-gcc, r-devel-linux-x86_64-fedora-clang