CRAN Package Check Results for Package ptmixed

Last updated on 2019-08-18 22:47:04 CEST.

Flavor Version Tinstall Tcheck Ttotal Status Flags
r-devel-linux-x86_64-debian-clang 0.2.1 2.80 48.65 51.45 OK
r-devel-linux-x86_64-debian-gcc 0.2.1 2.13 36.95 39.08 OK
r-devel-linux-x86_64-fedora-clang 0.2.1 57.75 OK
r-devel-linux-x86_64-fedora-gcc 0.2.1 58.98 OK
r-devel-windows-ix86+x86_64 0.2.1 6.00 54.00 60.00 OK
r-patched-linux-x86_64 0.2.1 2.43 48.06 50.49 OK
r-patched-solaris-x86 0.2.1 70.30 OK
r-release-linux-x86_64 0.2.1 2.06 48.61 50.67 OK
r-release-windows-ix86+x86_64 0.2.1 4.00 51.00 55.00 OK
r-release-osx-x86_64 0.2.1 ERROR
r-oldrel-windows-ix86+x86_64 0.2.1 6.00 76.00 82.00 OK
r-oldrel-osx-x86_64 0.2.1 ERROR

Check Details

Version: 0.2.1
Check: package dependencies
Result: ERROR
    Package required but not available: ‘tweeDEseq’
    
    See section ‘The DESCRIPTION file’ in the ‘Writing R Extensions’
    manual.
Flavors: r-release-osx-x86_64, r-oldrel-osx-x86_64