CRAN Package Check Results for Package ptmixed

Last updated on 2024-02-21 21:49:48 CET.

Flavor Version Tinstall Tcheck Ttotal Status Flags
r-devel-linux-x86_64-debian-clang 1.1.3 OK
r-devel-linux-x86_64-debian-gcc 1.1.3 3.58 269.25 272.83 OK
r-devel-linux-x86_64-fedora-clang 1.1.3 466.16 OK
r-devel-linux-x86_64-fedora-gcc 1.1.3 485.21 OK
r-devel-windows-x86_64 1.1.3 5.00 237.00 242.00 OK
r-patched-linux-x86_64 1.1.3 5.21 353.90 359.11 OK
r-release-linux-x86_64 1.1.3 2.93 350.28 353.21 OK
r-release-macos-arm64 1.1.3 106.00 OK
r-release-macos-x86_64 1.1.3 233.00 OK
r-release-windows-x86_64 1.1.3 5.00 351.00 356.00 OK
r-oldrel-macos-arm64 1.1.3 15.00 ERROR
r-oldrel-windows-x86_64 1.1.3 6.00 341.00 347.00 OK

Check Details

Version: 1.1.3
Check: package dependencies
Result: ERROR Package required but not available: ‘tweeDEseq’ See section ‘The DESCRIPTION file’ in the ‘Writing R Extensions’ manual. Flavor: r-oldrel-macos-arm64