Last updated on 2023-11-29 23:02:46 CET.
Flavor | Version | Tinstall | Tcheck | Ttotal | Status | Flags |
---|---|---|---|---|---|---|
r-devel-linux-x86_64-debian-clang | 1.3.1 | 11.08 | 310.16 | 321.24 | OK | |
r-devel-linux-x86_64-debian-gcc | 1.3.1 | 9.55 | 230.52 | 240.07 | OK | |
r-devel-linux-x86_64-fedora-clang | 1.3.1 | 381.98 | OK | |||
r-devel-linux-x86_64-fedora-gcc | 1.3.1 | 411.45 | OK | |||
r-devel-windows-x86_64 | 1.3.1 | 14.00 | 239.00 | 253.00 | OK | |
r-patched-linux-x86_64 | 1.3.1 | 17.72 | 296.57 | 314.29 | OK | |
r-release-linux-x86_64 | 1.3.1 | 9.55 | 297.40 | 306.95 | OK | |
r-release-macos-arm64 | 1.3.1 | 111.00 | OK | |||
r-release-macos-x86_64 | 1.3.1 | 270.00 | OK | |||
r-release-windows-x86_64 | 1.3.1 | 19.00 | 325.00 | 344.00 | OK | |
r-oldrel-macos-arm64 | 1.3.1 | 109.00 | OK | |||
r-oldrel-macos-x86_64 | 1.2.7 | 207.00 | NOTE | |||
r-oldrel-windows-x86_64 | 1.3.1 | 21.00 | 315.00 | 336.00 | OK |
Version: 1.2.7
Check: dependencies in R code
Result: NOTE
Namespaces in Imports field not imported from:
‘Hmisc’ ‘sjPlot’
All declared Imports should be used.
Flavor: r-oldrel-macos-x86_64