Last updated on 2024-04-18 22:52:54 CEST.
Flavor | Version | Tinstall | Tcheck | Ttotal | Status | Flags |
---|---|---|---|---|---|---|
r-devel-linux-x86_64-debian-clang | 0.1.0 | 56.36 | 532.07 | 588.43 | OK | |
r-devel-linux-x86_64-debian-gcc | 0.1.0 | 44.53 | 390.36 | 434.89 | OK | |
r-devel-linux-x86_64-fedora-clang | 0.1.0 | 750.14 | OK | |||
r-devel-linux-x86_64-fedora-gcc | 0.1.0 | 772.50 | OK | |||
r-prerel-macos-arm64 | 0.1.0 | 192.00 | ERROR | |||
r-prerel-macos-x86_64 | 0.1.0 | 550.00 | ERROR | |||
r-prerel-windows-x86_64 | 0.1.0 | 50.00 | 382.00 | 432.00 | OK | |
r-patched-linux-x86_64 | 0.1.0 | 38.82 | 505.46 | 544.28 | OK | |
r-release-linux-x86_64 | 0.1.0 | 48.91 | 524.93 | 573.84 | OK | |
r-release-macos-arm64 | 0.1.0 | 195.00 | OK | |||
r-release-macos-x86_64 | 0.1.0 | 353.00 | OK | |||
r-release-windows-x86_64 | 0.1.0 | 66.00 | 486.00 | 552.00 | OK | |
r-oldrel-macos-arm64 | 0.1.0 | 181.00 | OK | |||
r-oldrel-windows-x86_64 | 0.1.0 | 61.00 | 449.00 | 510.00 | OK |
Version: 0.1.0
Check: package dependencies
Result: NOTE
Package suggested but not available for checking: ‘TxDb.Hsapiens.UCSC.hg19.knownGene’
Flavors: r-prerel-macos-arm64, r-prerel-macos-x86_64
Version: 0.1.0
Check: examples
Result: ERROR
Running examples in ‘pulseTD-Ex.R’ failed
The error most likely occurred in:
> ### Name: estimateExpression
> ### Title: Estimated Expression
> ### Aliases: estimateExpression
>
> ### ** Examples
>
> library(TxDb.Hsapiens.UCSC.hg19.knownGene)
Error in library(TxDb.Hsapiens.UCSC.hg19.knownGene) :
there is no package called ‘TxDb.Hsapiens.UCSC.hg19.knownGene’
Execution halted
Flavors: r-prerel-macos-arm64, r-prerel-macos-x86_64
Version: 0.1.0
Check: re-building of vignette outputs
Result: ERROR
Error(s) in re-building vignettes:
...
--- re-building ‘tutorial.Rmd’ using rmarkdown
Quitting from lines 63-65 [import packages] (tutorial.Rmd)
Error: processing vignette 'tutorial.Rmd' failed with diagnostics:
there is no package called 'TxDb.Hsapiens.UCSC.hg19.knownGene'
--- failed re-building ‘tutorial.Rmd’
SUMMARY: processing the following file failed:
‘tutorial.Rmd’
Error: Vignette re-building failed.
Execution halted
Flavor: r-prerel-macos-arm64
Version: 0.1.0
Check: re-building of vignette outputs
Result: ERROR
Error(s) in re-building vignettes:
...
--- re-building ‘tutorial.Rmd’ using rmarkdown
Quitting from lines at lines 63-65 [import packages] (tutorial.Rmd)
Error: processing vignette 'tutorial.Rmd' failed with diagnostics:
there is no package called 'TxDb.Hsapiens.UCSC.hg19.knownGene'
--- failed re-building ‘tutorial.Rmd’
SUMMARY: processing the following file failed:
‘tutorial.Rmd’
Error: Vignette re-building failed.
Execution halted
Flavor: r-prerel-macos-x86_64