Last updated on 2024-04-17 23:00:03 CEST.
Flavor | Version | Tinstall | Tcheck | Ttotal | Status | Flags |
---|---|---|---|---|---|---|
r-devel-linux-x86_64-debian-clang | 0.2.7 | 66.52 | 72.03 | 138.55 | NOTE | |
r-devel-linux-x86_64-debian-gcc | 0.2.7 | 50.13 | 50.87 | 101.00 | NOTE | |
r-devel-linux-x86_64-fedora-clang | 0.2.7 | 186.23 | NOTE | |||
r-devel-linux-x86_64-fedora-gcc | 0.2.7 | 176.09 | NOTE | |||
r-prerel-macos-arm64 | 0.2.7 | 41.00 | NOTE | |||
r-prerel-windows-x86_64 | 0.2.7 | 48.00 | 90.00 | 138.00 | NOTE | |
r-patched-linux-x86_64 | 0.2.7 | 55.09 | 67.45 | 122.54 | NOTE | |
r-release-linux-x86_64 | 0.2.7 | 51.85 | 70.84 | 122.69 | OK | |
r-release-macos-arm64 | 0.2.7 | 40.00 | OK | |||
r-release-macos-x86_64 | 0.2.7 | 92.00 | OK | |||
r-release-windows-x86_64 | 0.2.7 | 62.00 | 104.00 | 166.00 | OK | |
r-oldrel-macos-arm64 | 0.2.7 | 46.00 | OK | |||
r-oldrel-windows-x86_64 | 0.2.7 | 60.00 | 100.00 | 160.00 | OK |
Version: 0.2.7
Check: Rd files
Result: NOTE
checkRd: (-1) escompute.Rd:68: Lost braces in \itemize; meant \describe ?
checkRd: (-1) escompute.Rd:69: Lost braces in \itemize; meant \describe ?
checkRd: (-1) escompute.Rd:70: Lost braces in \itemize; meant \describe ?
checkRd: (-1) escompute.Rd:71: Lost braces in \itemize; meant \describe ?
checkRd: (-1) escompute.Rd:72: Lost braces in \itemize; meant \describe ?
checkRd: (-1) escompute.Rd:73: Lost braces in \itemize; meant \describe ?
checkRd: (-1) hybrid.Rd:206-211: Lost braces in \itemize; meant \describe ?
checkRd: (-1) hybrid.Rd:212-216: Lost braces in \itemize; meant \describe ?
checkRd: (-1) hybrid.Rd:217-222: Lost braces in \itemize; meant \describe ?
checkRd: (-1) hybrid.Rd:223-225: Lost braces in \itemize; meant \describe ?
checkRd: (-1) hybrid.Rd:226-227: Lost braces in \itemize; meant \describe ?
checkRd: (-1) hybrid.Rd:228-229: Lost braces in \itemize; meant \describe ?
checkRd: (-1) hybrid.Rd:230-234: Lost braces in \itemize; meant \describe ?
checkRd: (-1) hybrid.Rd:235-239: Lost braces in \itemize; meant \describe ?
checkRd: (-1) hybrid.Rd:240-246: Lost braces in \itemize; meant \describe ?
checkRd: (-1) puni_star.Rd:168-172: Lost braces in \itemize; meant \describe ?
checkRd: (-1) puni_star.Rd:173-177: Lost braces in \itemize; meant \describe ?
checkRd: (-1) puni_star.Rd:178-180: Lost braces in \itemize; meant \describe ?
checkRd: (-1) puni_star.Rd:181-184: Lost braces in \itemize; meant \describe ?
checkRd: (-1) puni_star.Rd:185-189: Lost braces in \itemize; meant \describe ?
checkRd: (-1) puni_star.Rd:190-194: Lost braces in \itemize; meant \describe ?
checkRd: (-1) puni_star.Rd:195-200: Lost braces in \itemize; meant \describe ?
checkRd: (-1) puni_star.Rd:201-204: Lost braces in \itemize; meant \describe ?
checkRd: (-1) puni_star.Rd:205-207: Lost braces in \itemize; meant \describe ?
checkRd: (-1) puni_star.Rd:208-211: Lost braces in \itemize; meant \describe ?
checkRd: (-1) puni_star.Rd:212-217: Lost braces in \itemize; meant \describe ?
checkRd: (-1) puni_star.Rd:218-221: Lost braces in \itemize; meant \describe ?
checkRd: (-1) puni_star.Rd:222-225: Lost braces in \itemize; meant \describe ?
Flavors: r-devel-linux-x86_64-debian-clang, r-devel-linux-x86_64-debian-gcc, r-devel-linux-x86_64-fedora-clang, r-devel-linux-x86_64-fedora-gcc, r-prerel-macos-arm64, r-prerel-windows-x86_64, r-patched-linux-x86_64