CRAN Package Check Results for Package purge

Last updated on 2023-09-26 23:04:22 CEST.

Flavor Version Tinstall Tcheck Ttotal Status Flags
r-devel-linux-x86_64-debian-clang 0.2.1 2.25 33.00 35.25 NOTE
r-devel-linux-x86_64-debian-gcc 0.2.1 1.73 25.74 27.47 NOTE
r-devel-linux-x86_64-fedora-clang 0.2.1 43.59 NOTE
r-devel-linux-x86_64-fedora-gcc 0.2.1 43.49 NOTE
r-devel-windows-x86_64 0.2.1 3.00 46.00 49.00 NOTE
r-patched-linux-x86_64 0.2.1 2.13 32.50 34.63 NOTE
r-release-linux-x86_64 0.2.1 2.34 32.41 34.75 NOTE
r-release-macos-arm64 0.2.1 20.00 NOTE
r-release-macos-x86_64 0.2.1 27.00 NOTE
r-release-windows-x86_64 0.2.1 3.00 46.00 49.00 NOTE
r-oldrel-macos-arm64 0.2.1 27.00 NOTE
r-oldrel-macos-x86_64 0.2.1 24.00 NOTE
r-oldrel-windows-x86_64 0.2.1 4.00 50.00 54.00 NOTE

Check Details

Version: 0.2.1
Check: LazyData
Result: NOTE
     'LazyData' is specified without a 'data' directory
Flavors: r-devel-linux-x86_64-debian-clang, r-devel-linux-x86_64-debian-gcc, r-devel-linux-x86_64-fedora-clang, r-devel-linux-x86_64-fedora-gcc, r-devel-windows-x86_64, r-patched-linux-x86_64, r-release-linux-x86_64, r-release-macos-arm64, r-release-macos-x86_64, r-release-windows-x86_64, r-oldrel-macos-arm64, r-oldrel-macos-x86_64, r-oldrel-windows-x86_64