CRAN Package Check Results for Package purrrlyr

Last updated on 2021-08-04 22:55:28 CEST.

Flavor Version Tinstall Tcheck Ttotal Status Flags
r-devel-linux-x86_64-debian-clang 0.0.7 49.36 50.31 99.67 NOTE
r-devel-linux-x86_64-debian-gcc 0.0.7 31.37 38.04 69.41 NOTE
r-devel-linux-x86_64-fedora-clang 0.0.7 142.58 NOTE
r-devel-linux-x86_64-fedora-gcc 0.0.7 120.77 NOTE
r-devel-windows-x86_64 0.0.7 44.00 78.00 122.00 NOTE
r-devel-windows-x86_64-gcc10-UCRT 0.0.7 NOTE
r-patched-linux-x86_64 0.0.7 44.15 46.10 90.25 NOTE
r-patched-solaris-x86 0.0.7 137.80 NOTE
r-release-linux-x86_64 0.0.7 39.12 46.76 85.88 NOTE
r-release-macos-arm64 0.0.7 NOTE
r-release-macos-x86_64 0.0.7 NOTE
r-release-windows-ix86+x86_64 0.0.7 115.00 73.00 188.00 NOTE
r-oldrel-macos-x86_64 0.0.7 OK
r-oldrel-windows-ix86+x86_64 0.0.7 87.00 112.00 199.00 OK

Additional issues

rchk

Check Details

Version: 0.0.7
Check: LazyData
Result: NOTE
     'LazyData' is specified without a 'data' directory
Flavors: r-devel-linux-x86_64-debian-clang, r-devel-linux-x86_64-debian-gcc, r-devel-linux-x86_64-fedora-clang, r-devel-linux-x86_64-fedora-gcc, r-devel-windows-x86_64, r-devel-windows-x86_64-gcc10-UCRT, r-patched-linux-x86_64, r-patched-solaris-x86, r-release-linux-x86_64, r-release-macos-arm64, r-release-macos-x86_64, r-release-windows-ix86+x86_64