CRAN Package Check Results for Package pvaluefunctions

Last updated on 2021-12-03 22:57:50 CET.

Flavor Version Tinstall Tcheck Ttotal Status Flags
r-devel-linux-x86_64-debian-clang 1.6.1 6.93 83.22 90.15 NOTE
r-devel-linux-x86_64-debian-gcc 1.6.2 5.80 61.27 67.07 OK
r-devel-linux-x86_64-fedora-clang 1.6.2 122.04 OK
r-devel-linux-x86_64-fedora-gcc 1.6.2 106.91 OK
r-devel-windows-x86_64-new-UL 1.6.2 14.00 145.00 159.00 OK
r-devel-windows-x86_64-new-TK 1.6.1 NOTE
r-devel-windows-x86_64-old 1.6.1 13.00 72.00 85.00 NOTE
r-patched-linux-x86_64 1.6.2 7.58 76.49 84.07 OK
r-release-linux-x86_64 1.6.2 6.68 76.46 83.14 OK
r-release-macos-arm64 1.6.1 NOTE
r-release-macos-x86_64 1.6.2 OK
r-release-windows-ix86+x86_64 1.6.2 14.00 109.00 123.00 OK
r-oldrel-macos-x86_64 1.6.2 OK
r-oldrel-windows-ix86+x86_64 1.6.1 16.00 101.00 117.00 OK

Check Details

Version: 1.6.1
Check: LazyData
Result: NOTE
     'LazyData' is specified without a 'data' directory
Flavors: r-devel-linux-x86_64-debian-clang, r-devel-windows-x86_64-new-TK, r-devel-windows-x86_64-old, r-release-macos-arm64