CRAN Package Check Results for Package pwt

Last updated on 2021-07-31 22:53:44 CEST.

Flavor Version Tinstall Tcheck Ttotal Status Flags
r-devel-linux-x86_64-debian-clang 7.1-1 9.82 26.16 35.98 OK
r-devel-linux-x86_64-debian-gcc 7.1-1 6.88 21.05 27.93 OK
r-devel-linux-x86_64-fedora-clang 7.1-1 52.83 NOTE
r-devel-linux-x86_64-fedora-gcc 7.1-1 42.40 OK
r-devel-windows-x86_64 7.1-1 10.00 38.00 48.00 NOTE
r-devel-windows-x86_64-gcc10-UCRT 7.1-1 OK
r-patched-linux-x86_64 7.1-1 OK
r-patched-solaris-x86 7.1-1 72.30 NOTE
r-release-linux-x86_64 7.1-1 7.96 25.77 33.73 OK
r-release-macos-arm64 7.1-1 NOTE
r-release-macos-x86_64 7.1-1 NOTE
r-release-windows-ix86+x86_64 7.1-1 12.00 30.00 42.00 NOTE
r-oldrel-macos-x86_64 7.1-1 NOTE
r-oldrel-windows-ix86+x86_64 7.1-1 11.00 29.00 40.00 NOTE

Check Details

Version: 7.1-1
Check: installed package size
Result: NOTE
     installed size is 7.3Mb
     sub-directories of 1Mb or more:
     data 7.2Mb
Flavors: r-devel-linux-x86_64-fedora-clang, r-devel-windows-x86_64, r-patched-solaris-x86, r-release-macos-arm64, r-release-macos-x86_64, r-release-windows-ix86+x86_64, r-oldrel-macos-x86_64, r-oldrel-windows-ix86+x86_64