CRAN Package Check Results for Package pxR

Last updated on 2021-05-16 22:50:02 CEST.

Flavor Version Tinstall Tcheck Ttotal Status Flags
r-devel-linux-x86_64-debian-clang 0.42.4 3.54 31.60 35.14 NOTE
r-devel-linux-x86_64-debian-gcc 0.42.4 2.86 24.85 27.71 NOTE
r-devel-linux-x86_64-fedora-clang 0.42.4 51.24 NOTE
r-devel-linux-x86_64-fedora-gcc 0.42.4 41.80 NOTE
r-devel-windows-ix86+x86_64 0.42.4 9.00 38.00 47.00 NOTE
r-devel-windows-x86_64-gcc10-UCRT 0.42.4 NOTE
r-patched-linux-x86_64 0.42.4 3.68 30.98 34.66 NOTE
r-patched-solaris-x86 0.42.4 65.60 NOTE
r-release-linux-x86_64 0.42.4 3.07 29.99 33.06 OK
r-release-macos-x86_64 0.42.4 OK
r-release-windows-ix86+x86_64 0.42.4 6.00 41.00 47.00 OK
r-oldrel-macos-x86_64 0.42.4 OK
r-oldrel-windows-ix86+x86_64 0.42.4 4.00 45.00 49.00 OK

Check Details

Version: 0.42.4
Check: LazyData
Result: NOTE
     'LazyData' is specified without a 'data' directory
Flavors: r-devel-linux-x86_64-debian-clang, r-devel-linux-x86_64-debian-gcc, r-devel-linux-x86_64-fedora-clang, r-devel-linux-x86_64-fedora-gcc, r-devel-windows-ix86+x86_64, r-devel-windows-x86_64-gcc10-UCRT, r-patched-linux-x86_64, r-patched-solaris-x86