CRAN Package Check Results for Package qape

Last updated on 2024-02-24 21:40:29 CET.

Flavor Version Tinstall Tcheck Ttotal Status Flags
r-devel-linux-x86_64-debian-clang 2.1 17.72 165.02 182.74 NOTE
r-devel-linux-x86_64-debian-gcc 2.1 14.11 126.45 140.56 NOTE
r-devel-linux-x86_64-fedora-clang 2.1 225.03 OK
r-devel-linux-x86_64-fedora-gcc 2.1 219.36 OK
r-devel-windows-x86_64 2.1 14.00 138.00 152.00 OK
r-patched-linux-x86_64 2.1 16.94 165.23 182.17 OK
r-release-linux-x86_64 2.1 11.72 164.77 176.49 OK
r-release-macos-arm64 2.1 67.00 OK
r-release-macos-x86_64 2.1 134.00 OK
r-release-windows-x86_64 2.1 22.00 171.00 193.00 OK
r-oldrel-macos-arm64 2.1 67.00 OK
r-oldrel-windows-x86_64 2.1 21.00 178.00 199.00 OK

Check Details

Version: 2.1
Check: Rd files
Result: NOTE checkRd: (-1) srswrRe.Rd:10: Lost braces 10 | \item{listRanef}{{\emph{ranef(model)}} object where {\emph{model}} is an { \emph{lmer}} object.} | ^ Flavors: r-devel-linux-x86_64-debian-clang, r-devel-linux-x86_64-debian-gcc