Last updated on 2024-04-25 22:49:18 CEST.
Flavor | Version | Tinstall | Tcheck | Ttotal | Status | Flags |
---|---|---|---|---|---|---|
r-devel-linux-x86_64-debian-clang | 1.1.1 | 445.01 | 229.45 | 674.46 | OK | |
r-devel-linux-x86_64-debian-gcc | 1.1.1 | 375.91 | 176.83 | 552.74 | OK | |
r-devel-linux-x86_64-fedora-clang | 1.1.1 | 802.99 | OK | |||
r-devel-linux-x86_64-fedora-gcc | 1.1.1 | 991.69 | OK | |||
r-devel-windows-x86_64 | 1.1.1 | 333.00 | 197.00 | 530.00 | OK | |
r-patched-linux-x86_64 | 1.1.1 | 459.32 | 234.05 | 693.37 | OK | |
r-release-linux-x86_64 | 1.1.1 | 444.44 | 231.32 | 675.76 | OK | |
r-release-macos-arm64 | 1.1.1 | 209.00 | NOTE | |||
r-release-macos-x86_64 | 1.1.1 | 372.00 | NOTE | |||
r-release-windows-x86_64 | 1.1.1 | 314.00 | 198.00 | 512.00 | OK | |
r-oldrel-macos-arm64 | 1.1.1 | 184.00 | NOTE | |||
r-oldrel-macos-x86_64 | 1.1.1 | 416.00 | NOTE | |||
r-oldrel-windows-x86_64 | 1.1.1 | 405.00 | 257.00 | 662.00 | OK |
Version: 1.1.1
Check: installed package size
Result: NOTE
installed size is 145.3Mb
sub-directories of 1Mb or more:
libs 144.1Mb
Flavors: r-release-macos-arm64, r-release-macos-x86_64, r-oldrel-macos-arm64, r-oldrel-macos-x86_64