Last updated on 2024-04-22 23:10:01 CEST.
Flavor | Version | Tinstall | Tcheck | Ttotal | Status | Flags |
---|---|---|---|---|---|---|
r-devel-linux-x86_64-debian-clang | 1.19 | 18.33 | 76.25 | 94.58 | NOTE | |
r-devel-linux-x86_64-debian-gcc | 1.19 | 10.99 | 56.44 | 67.43 | NOTE | |
r-devel-linux-x86_64-fedora-clang | 1.19 | 112.56 | NOTE | |||
r-devel-linux-x86_64-fedora-gcc | 1.19 | 106.20 | NOTE | |||
r-prerel-macos-arm64 | 1.19 | 36.00 | NOTE | |||
r-prerel-windows-x86_64 | 1.19 | 13.00 | 82.00 | 95.00 | NOTE | |
r-patched-linux-x86_64 | 1.19 | 15.55 | 71.16 | 86.71 | NOTE | |
r-release-linux-x86_64 | 1.19 | 14.69 | 70.26 | 84.95 | NOTE | |
r-release-macos-arm64 | 1.19 | 35.00 | NOTE | |||
r-release-macos-x86_64 | 1.19 | 57.00 | NOTE | |||
r-release-windows-x86_64 | 1.19 | 13.00 | 91.00 | 104.00 | NOTE | |
r-oldrel-macos-arm64 | 1.19 | 33.00 | OK | |||
r-oldrel-windows-x86_64 | 1.19 | 20.00 | 94.00 | 114.00 | OK |
Version: 1.19
Check: package subdirectories
Result: NOTE
Problems with news in ‘NEWS.md’:
No news entries found.
Flavors: r-devel-linux-x86_64-debian-clang, r-devel-linux-x86_64-debian-gcc, r-devel-linux-x86_64-fedora-clang, r-devel-linux-x86_64-fedora-gcc, r-prerel-macos-arm64, r-prerel-windows-x86_64, r-patched-linux-x86_64, r-release-linux-x86_64, r-release-macos-arm64, r-release-macos-x86_64, r-release-windows-x86_64