Last updated on 2024-04-18 22:52:54 CEST.
Flavor | Version | Tinstall | Tcheck | Ttotal | Status | Flags |
---|---|---|---|---|---|---|
r-devel-linux-x86_64-debian-clang | 1.8.4 | 6.12 | 66.59 | 72.71 | NOTE | |
r-devel-linux-x86_64-debian-gcc | 1.8.4 | 3.94 | 48.42 | 52.36 | NOTE | |
r-devel-linux-x86_64-fedora-clang | 1.8.4 | 89.13 | NOTE | |||
r-devel-linux-x86_64-fedora-gcc | 1.8.4 | 85.17 | NOTE | |||
r-prerel-macos-arm64 | 1.8.4 | 30.00 | NOTE | |||
r-prerel-windows-x86_64 | 1.8.4 | 7.00 | 78.00 | 85.00 | NOTE | |
r-patched-linux-x86_64 | 1.8.4 | 6.30 | 62.03 | 68.33 | NOTE | |
r-release-linux-x86_64 | 1.8.4 | 6.44 | 65.74 | 72.18 | OK | |
r-release-macos-arm64 | 1.8.4 | 30.00 | OK | |||
r-release-macos-x86_64 | 1.8.4 | 46.00 | OK | |||
r-release-windows-x86_64 | 1.8.4 | 8.00 | 84.00 | 92.00 | OK | |
r-oldrel-macos-arm64 | 1.8.4 | 34.00 | OK | |||
r-oldrel-windows-x86_64 | 1.8.4 | 8.00 | 87.00 | 95.00 | OK |
Version: 1.8.4
Check: Rd files
Result: NOTE
checkRd: (-1) qmethod-package.Rd:109: Lost braces
109 | \item Van Exel, J., and G. de Graaf, 2005. \emph{Q Methodology: A Sneak Preview}\cr \url{https://qmethodblog.files.wordpress.com/2016/01/qmethodologyasneakpreviewreferenceupdate.pdf}{Available at this link}.
| ^
checkRd: (-1) qmethod-package.Rd:110: Lost braces
110 | \item Brown, S. R., 1980. \emph{Political subjectivity: Applications of Q methodology in political science}, New Haven, CT: Yale University Press.\cr \url{https://qmethodblog.files.wordpress.com/2016/01/brown-1980-politicalsubjectivity.pdf}{Available at this link}.
| ^
Flavors: r-devel-linux-x86_64-debian-clang, r-devel-linux-x86_64-debian-gcc, r-devel-linux-x86_64-fedora-clang, r-devel-linux-x86_64-fedora-gcc, r-prerel-macos-arm64, r-prerel-windows-x86_64, r-patched-linux-x86_64