CRAN Package Check Results for Package qrLMM

Last updated on 2019-08-25 22:47:10 CEST.

Flavor Version Tinstall Tcheck Ttotal Status Flags
r-devel-linux-x86_64-debian-clang 1.3 10.28 69.96 80.24 OK
r-devel-linux-x86_64-debian-gcc 1.3 9.26 57.25 66.51 OK
r-devel-linux-x86_64-fedora-clang 1.3 99.53 OK
r-devel-linux-x86_64-fedora-gcc 1.3 100.81 OK
r-devel-windows-ix86+x86_64 1.3 25.00 78.00 103.00 OK
r-patched-linux-x86_64 1.3 10.81 71.24 82.05 OK
r-patched-solaris-x86 1.3 144.50 OK
r-release-linux-x86_64 1.3 10.09 71.36 81.45 OK
r-release-windows-ix86+x86_64 1.3 24.00 100.00 124.00 OK
r-release-osx-x86_64 1.3 FAIL
r-oldrel-windows-ix86+x86_64 1.3 14.00 102.00 116.00 OK
r-oldrel-osx-x86_64 1.3 OK

Check Details

Version: 1.3
Check: whether package can be installed
Result: FAIL
    
Flavor: r-release-osx-x86_64