CRAN Package Check Results for Package qrLMM

Last updated on 2021-08-03 22:53:36 CEST.

Flavor Version Tinstall Tcheck Ttotal Status Flags
r-devel-linux-x86_64-debian-clang 2.1 11.69 94.03 105.72 OK
r-devel-linux-x86_64-debian-gcc 2.1 10.16 73.95 84.11 OK
r-devel-linux-x86_64-fedora-clang 2.1 139.07 NOTE
r-devel-linux-x86_64-fedora-gcc 2.1 127.15 OK
r-devel-windows-x86_64 2.1 12.00 106.00 118.00 OK
r-devel-windows-x86_64-gcc10-UCRT 2.1 OK
r-patched-linux-x86_64 2.1 10.92 90.71 101.63 OK
r-patched-solaris-x86 2.1 202.50 OK
r-release-linux-x86_64 2.1 13.16 91.07 104.23 OK
r-release-macos-arm64 2.1 OK
r-release-macos-x86_64 2.1 OK
r-release-windows-ix86+x86_64 2.1 24.00 83.00 107.00 OK
r-oldrel-macos-x86_64 2.1 OK
r-oldrel-windows-ix86+x86_64 2.1 18.00 119.00 137.00 OK

Check Details

Version: 2.1
Check: Rd cross-references
Result: NOTE
    Undeclared package ‘qrNLMM’ in Rd xrefs
Flavor: r-devel-linux-x86_64-fedora-clang