Last updated on 2024-03-28 23:01:54 CET.
Flavor | Version | Tinstall | Tcheck | Ttotal | Status | Flags |
---|---|---|---|---|---|---|
r-devel-linux-x86_64-debian-clang | 0.1.0 | 40.15 | 300.41 | 340.56 | NOTE | |
r-devel-linux-x86_64-debian-gcc | 0.1.0 | 38.85 | 210.15 | 249.00 | NOTE | |
r-devel-linux-x86_64-fedora-clang | 0.1.0 | 412.81 | NOTE | |||
r-devel-linux-x86_64-fedora-gcc | 0.1.0 | 404.19 | NOTE | |||
r-devel-windows-x86_64 | 0.1.0 | 43.00 | 192.00 | 235.00 | NOTE | |
r-patched-linux-x86_64 | 0.1.0 | 47.82 | 283.13 | 330.95 | NOTE | |
r-release-linux-x86_64 | 0.1.0 | 44.91 | 282.62 | 327.53 | NOTE | |
r-release-macos-arm64 | 0.1.0 | 95.00 | NOTE | |||
r-release-macos-x86_64 | 0.1.0 | 182.00 | NOTE | |||
r-release-windows-x86_64 | 0.1.0 | 55.00 | 266.00 | 321.00 | NOTE | |
r-oldrel-macos-arm64 | 0.1.0 | 76.00 | NOTE | |||
r-oldrel-windows-x86_64 | 0.1.0 | 55.00 | 249.00 | 304.00 | NOTE |
Version: 0.1.0
Check: LazyData
Result: NOTE
'LazyData' is specified without a 'data' directory
Flavors: r-devel-linux-x86_64-debian-clang, r-devel-linux-x86_64-debian-gcc, r-devel-linux-x86_64-fedora-clang, r-devel-linux-x86_64-fedora-gcc, r-devel-windows-x86_64, r-patched-linux-x86_64, r-release-linux-x86_64, r-release-macos-arm64, r-release-macos-x86_64, r-release-windows-x86_64, r-oldrel-macos-arm64, r-oldrel-windows-x86_64
Version: 0.1.0
Check: compiled code
Result: NOTE
File ‘qrencoder/libs/qrencoder.so’:
Found no calls to: ‘R_registerRoutines’, ‘R_useDynamicSymbols’
It is good practice to register native routines and to disable symbol
search.
See ‘Writing portable packages’ in the ‘Writing R Extensions’ manual.
Flavors: r-devel-linux-x86_64-fedora-clang, r-devel-linux-x86_64-fedora-gcc