Last updated on 2024-04-18 22:52:54 CEST.
Flavor | Version | Tinstall | Tcheck | Ttotal | Status | Flags |
---|---|---|---|---|---|---|
r-devel-linux-x86_64-debian-clang | 2024-03-04-2 | 2.34 | 47.61 | 49.95 | OK | |
r-devel-linux-x86_64-debian-gcc | 2024-03-04-2 | 2.73 | 37.74 | 40.47 | OK | |
r-devel-linux-x86_64-fedora-clang | 2024-03-04-2 | 63.42 | NOTE | |||
r-devel-linux-x86_64-fedora-gcc | 2024-03-04-2 | 61.14 | OK | |||
r-prerel-macos-arm64 | 2024-03-04-2 | 28.00 | NOTE | |||
r-prerel-macos-x86_64 | 2024-03-04-2 | 51.00 | NOTE | |||
r-prerel-windows-x86_64 | 2024-03-04-2 | 4.00 | 62.00 | 66.00 | NOTE | |
r-patched-linux-x86_64 | 2024-03-04-2 | 6.73 | 47.48 | 54.21 | OK | |
r-release-linux-x86_64 | 2024-03-04-2 | 2.28 | 46.73 | 49.01 | OK | |
r-release-macos-arm64 | 2024-03-04-2 | 32.00 | NOTE | |||
r-release-macos-x86_64 | 2024-03-04-2 | 44.00 | NOTE | |||
r-release-windows-x86_64 | 2024-03-04-2 | 5.00 | 67.00 | 72.00 | NOTE | |
r-oldrel-macos-arm64 | 2024-03-04-2 | 32.00 | NOTE | |||
r-oldrel-windows-x86_64 | 2024-03-04-2 | 5.00 | 71.00 | 76.00 | NOTE |
Version: 2024-03-04-2
Check: installed package size
Result: NOTE
installed size is 11.0Mb
sub-directories of 1Mb or more:
data 10.8Mb
Flavors: r-devel-linux-x86_64-fedora-clang, r-prerel-macos-arm64, r-prerel-macos-x86_64, r-prerel-windows-x86_64, r-release-macos-arm64, r-release-macos-x86_64, r-release-windows-x86_64, r-oldrel-macos-arm64, r-oldrel-windows-x86_64