CRAN Package Check Results for Package qrmtools

Last updated on 2024-06-13 22:49:40 CEST.

Flavor Version Tinstall Tcheck Ttotal Status Flags
r-devel-linux-x86_64-debian-clang 0.0-17 14.80 232.80 247.60 OK
r-devel-linux-x86_64-debian-gcc 0.0-17 0.59 1.74 2.33 ERROR
r-devel-linux-x86_64-fedora-clang 0.0-17 311.82 OK
r-devel-linux-x86_64-fedora-gcc 0.0-17 314.92 OK
r-devel-windows-x86_64 0.0-17 16.00 190.00 206.00 OK
r-patched-linux-x86_64 0.0-17 16.35 227.87 244.22 OK
r-release-linux-x86_64 0.0-17 9.67 227.91 237.58 OK
r-release-macos-arm64 0.0-17 87.00 OK
r-release-macos-x86_64 0.0-17 138.00 OK
r-release-windows-x86_64 0.0-17 16.00 191.00 207.00 OK
r-oldrel-macos-arm64 0.0-17 94.00 OK
r-oldrel-macos-x86_64 0.0-17 264.00 OK
r-oldrel-windows-x86_64 0.0-17 20.00 235.00 255.00 OK

Check Details

Version: 0.0-17
Check: package dependencies
Result: ERROR Package required but not available: ‘rugarch’ See section ‘The DESCRIPTION file’ in the ‘Writing R Extensions’ manual. Flavor: r-devel-linux-x86_64-debian-gcc