CRAN Package Check Results for Package qrmtools

Last updated on 2021-05-11 22:49:58 CEST.

Flavor Version Tinstall Tcheck Ttotal Status Flags
r-devel-linux-x86_64-debian-clang 0.0-14 12.11 200.26 212.37 OK
r-devel-linux-x86_64-debian-gcc 0.0-14 10.77 156.76 167.53 OK
r-devel-linux-x86_64-fedora-clang 0.0-14 267.52 OK
r-devel-linux-x86_64-fedora-gcc 0.0-14 262.75 OK
r-devel-windows-ix86+x86_64 0.0-14 27.00 210.00 237.00 ERROR
r-devel-windows-x86_64-gcc10-UCRT 0.0-14 OK
r-patched-linux-x86_64 0.0-14 18.64 198.57 217.21 OK
r-patched-solaris-x86 0.0-14 394.00 OK
r-release-linux-x86_64 0.0-14 12.30 195.36 207.66 OK
r-release-macos-x86_64 0.0-14 OK
r-release-windows-ix86+x86_64 0.0-14 22.00 260.00 282.00 OK
r-oldrel-macos-x86_64 0.0-14 OK
r-oldrel-windows-ix86+x86_64 0.0-14 29.00 306.00 335.00 OK

Check Details

Version: 0.0-14
Check: Rd files
Result: WARN
    GPDtail.Rd: Sections \title, and \name must exist and be unique in Rd files
    mean_excess.Rd: Sections \title, and \name must exist and be unique in Rd files
    stepfun_plot.Rd: Sections \title, and \name must exist and be unique in Rd files
    tail_plot.Rd: Sections \title, and \name must exist and be unique in Rd files
    tests.Rd: Sections \title, and \name must exist and be unique in Rd files
    problems found in 'GPDtail.Rd', 'mean_excess.Rd', 'stepfun_plot.Rd', 'tail_plot.Rd', 'tests.Rd'
Flavor: r-devel-windows-ix86+x86_64

Version: 0.0-14
Check: for unstated dependencies in examples
Result: WARN
    Warning in close.connection(con) :
     Problem closing connection: No space left on device
    Warning in close.connection(con) :
     Problem closing connection: No space left on device
    Warning in close.connection(con) :
     Problem closing connection: No space left on device
    Warning in close.connection(con) :
     Problem closing connection: No space left on device
    Warning in close.connection(con) :
     Problem closing connection: No space left on device
    Warning in close.connection(con) :
     Problem closing connection: No space left on device
    Warning in close.connection(con) :
     Problem closing connection: No space left on device
    Warning in file(out, "wt") :
     cannot open file 'D:\temp\Rtmp69lcrg\file1b7ec5d91677/tail_plot.R': No space left on device
    Error in file(out, "wt") : cannot open the connection
    Execution halted
Flavor: r-devel-windows-ix86+x86_64

Version: 0.0-14
Check: PDF version of manual
Result: ERROR
    Rd conversion errors:
    Error in writeLines(x, con, useBytes = TRUE, ...) :
     Error writing to connection: No space left on device
Flavor: r-devel-windows-ix86+x86_64