CRAN Package Check Results for Package qte

Last updated on 2021-10-17 22:48:45 CEST.

Flavor Version Tinstall Tcheck Ttotal Status Flags
r-devel-linux-x86_64-debian-clang 1.3.0 15.70 138.73 154.43 OK
r-devel-linux-x86_64-debian-gcc 1.3.0 12.10 105.00 117.10 OK
r-devel-linux-x86_64-fedora-clang 1.3.0 192.16 NOTE
r-devel-linux-x86_64-fedora-gcc 1.3.0 178.38 NOTE
r-devel-windows-x86_64 1.3.0 24.00 149.00 173.00 OK
r-devel-windows-x86_64-gcc10-UCRT 1.3.0 NOTE
r-patched-linux-x86_64 1.3.0 15.16 135.02 150.18 OK
r-patched-solaris-x86 1.3.0 254.50 NOTE
r-release-linux-x86_64 1.3.0 14.08 135.07 149.15 OK
r-release-macos-arm64 1.3.0 NOTE
r-release-macos-x86_64 1.3.0 NOTE
r-release-windows-ix86+x86_64 1.3.0 34.00 175.00 209.00 OK
r-oldrel-macos-x86_64 1.3.0 NOTE
r-oldrel-windows-ix86+x86_64 1.3.0 34.00 169.00 203.00 OK

Check Details

Version: 1.3.0
Check: dependencies in R code
Result: NOTE
    Namespaces in Imports field not imported from:
     ‘knitr’ ‘msm’
     All declared Imports should be used.
Flavors: r-devel-linux-x86_64-fedora-clang, r-devel-linux-x86_64-fedora-gcc, r-devel-windows-x86_64-gcc10-UCRT, r-patched-solaris-x86, r-release-macos-arm64, r-release-macos-x86_64, r-oldrel-macos-x86_64