CRAN Package Check Results for Package qte

Last updated on 2021-07-25 23:00:26 CEST.

Flavor Version Tinstall Tcheck Ttotal Status Flags
r-devel-linux-x86_64-debian-clang 1.3.0 13.14 144.87 158.01 OK
r-devel-linux-x86_64-debian-gcc 1.3.0 11.84 109.50 121.34 OK
r-devel-linux-x86_64-fedora-clang 1.3.0 194.48 NOTE
r-devel-windows-x86_64 1.3.0 22.00 170.00 192.00 OK
r-devel-windows-x86_64-gcc10-UCRT 1.3.0 NOTE
r-patched-linux-x86_64 1.3.0 12.65 133.99 146.64 OK
r-patched-solaris-x86 1.3.0 272.00 NOTE
r-release-linux-x86_64 1.3.0 13.64 135.00 148.64 OK
r-release-macos-arm64 1.3.0 NOTE
r-release-macos-x86_64 1.3.0 NOTE
r-release-windows-ix86+x86_64 1.3.0 33.00 128.00 161.00 OK
r-oldrel-macos-x86_64 1.3.0 NOTE
r-oldrel-windows-ix86+x86_64 1.3.0 34.00 169.00 203.00 OK

Check Details

Version: 1.3.0
Check: dependencies in R code
Result: NOTE
    Namespaces in Imports field not imported from:
     ‘knitr’ ‘msm’
     All declared Imports should be used.
Flavors: r-devel-linux-x86_64-fedora-clang, r-devel-windows-x86_64-gcc10-UCRT, r-patched-solaris-x86, r-release-macos-arm64, r-release-macos-x86_64, r-oldrel-macos-x86_64