CRAN Package Check Results for Package qtl

Last updated on 2019-09-18 22:52:47 CEST.

Flavor Version Tinstall Tcheck Ttotal Status Flags
r-devel-linux-x86_64-debian-clang 1.44-9 77.34 330.47 407.81 OK
r-devel-linux-x86_64-debian-gcc 1.44-9 58.37 249.28 307.65 OK
r-devel-linux-x86_64-fedora-clang 1.44-9 489.66 NOTE
r-devel-linux-x86_64-fedora-gcc 1.44-9 480.52 OK
r-devel-windows-ix86+x86_64 1.44-9 203.00 454.00 657.00 NOTE
r-patched-linux-x86_64 1.44-9 64.95 329.59 394.54 OK
r-patched-solaris-x86 1.44-9 612.00 NOTE
r-release-linux-x86_64 1.44-9 62.13 329.94 392.07 OK
r-release-windows-ix86+x86_64 1.44-9 149.00 585.00 734.00 NOTE
r-release-osx-x86_64 1.44-9 NOTE
r-oldrel-windows-ix86+x86_64 1.44-9 154.00 446.00 600.00 NOTE
r-oldrel-osx-x86_64 1.44-9 NOTE

Check Details

Version: 1.44-9
Check: installed package size
Result: NOTE
     installed size is 11.6Mb
     sub-directories of 1Mb or more:
     R 1.7Mb
     contrib 3.8Mb
     doc 3.0Mb
     libs 1.6Mb
Flavors: r-devel-linux-x86_64-fedora-clang, r-devel-windows-ix86+x86_64, r-patched-solaris-x86, r-release-windows-ix86+x86_64, r-release-osx-x86_64, r-oldrel-windows-ix86+x86_64, r-oldrel-osx-x86_64