CRAN Package Check Results for Package qtl

Last updated on 2024-02-27 23:08:22 CET.

Flavor Version Tinstall Tcheck Ttotal Status Flags
r-devel-linux-x86_64-debian-clang 1.66 91.64 423.65 515.29 OK
r-devel-linux-x86_64-debian-gcc 1.66 71.33 302.02 373.35 OK
r-devel-linux-x86_64-fedora-clang 1.66 610.74 NOTE
r-devel-linux-x86_64-fedora-gcc 1.66 627.30 OK
r-devel-windows-x86_64 1.66 96.00 351.00 447.00 NOTE
r-patched-linux-x86_64 1.66 92.66 412.30 504.96 OK
r-release-linux-x86_64 1.66 91.01 401.17 492.18 OK
r-release-macos-arm64 1.66 154.00 NOTE
r-release-macos-x86_64 1.66 505.00 NOTE
r-release-windows-x86_64 1.66 97.00 417.00 514.00 NOTE
r-oldrel-macos-arm64 1.66 160.00 NOTE
r-oldrel-windows-x86_64 1.66 123.00 398.00 521.00 NOTE

Check Details

Version: 1.66
Check: installed package size
Result: NOTE installed size is 10.6Mb sub-directories of 1Mb or more: R 1.7Mb contrib 3.8Mb doc 3.0Mb Flavors: r-devel-linux-x86_64-fedora-clang, r-devel-windows-x86_64, r-release-macos-arm64, r-release-macos-x86_64, r-release-windows-x86_64, r-oldrel-macos-arm64, r-oldrel-windows-x86_64