CRAN Package Check Results for Package quadrupen

Last updated on 2021-07-22 22:52:14 CEST.

Flavor Version Tinstall Tcheck Ttotal Status Flags
r-devel-linux-x86_64-debian-clang 0.2-8 126.78 171.47 298.25 OK
r-devel-linux-x86_64-debian-gcc 0.2-8 88.27 128.48 216.75 OK
r-devel-linux-x86_64-fedora-clang 0.2-8 394.60 NOTE
r-devel-linux-x86_64-fedora-gcc 0.2-8 362.77 OK
r-devel-windows-x86_64 0.2-8 118.00 177.00 295.00 OK
r-devel-windows-x86_64-gcc10-UCRT 0.2-8 OK
r-patched-linux-x86_64 0.2-8 OK
r-patched-solaris-x86 0.2-8 478.90 OK
r-release-linux-x86_64 0.2-8 104.67 166.93 271.60 OK
r-release-macos-arm64 0.2-8 NOTE
r-release-macos-x86_64 0.2-8 NOTE
r-release-windows-ix86+x86_64 0.2-8 279.00 360.00 639.00 OK
r-oldrel-macos-x86_64 0.2-8 NOTE
r-oldrel-windows-ix86+x86_64 0.2-8 66.00 7.00 73.00 ERROR

Check Details

Version: 0.2-8
Check: installed package size
Result: NOTE
     installed size is 8.5Mb
     sub-directories of 1Mb or more:
     libs 8.1Mb
Flavors: r-devel-linux-x86_64-fedora-clang, r-release-macos-arm64, r-release-macos-x86_64, r-oldrel-macos-x86_64

Version: 0.2-8
Check: whether package can be installed
Result: ERROR
    Installation failed.
Flavor: r-oldrel-windows-ix86+x86_64