Last updated on 2023-11-28 23:04:45 CET.
Flavor | Version | Tinstall | Tcheck | Ttotal | Status | Flags |
---|---|---|---|---|---|---|
r-devel-linux-x86_64-debian-clang | 0.2-10 | 129.37 | 192.39 | 321.76 | NOTE | |
r-devel-linux-x86_64-debian-gcc | 0.2-10 | 94.66 | 131.36 | 226.02 | NOTE | |
r-devel-linux-x86_64-fedora-clang | 0.2-10 | 425.56 | OK | |||
r-devel-linux-x86_64-fedora-gcc | 0.2-10 | 427.88 | OK | |||
r-devel-windows-x86_64 | 0.2-10 | 103.00 | 187.00 | 290.00 | OK | |
r-patched-linux-x86_64 | 0.2-10 | 109.56 | 187.34 | 296.90 | OK | |
r-release-linux-x86_64 | 0.2-10 | 118.47 | 180.78 | 299.25 | OK | |
r-release-macos-arm64 | 0.2-10 | 112.00 | NOTE | |||
r-release-macos-x86_64 | 0.2-10 | 221.00 | NOTE | |||
r-release-windows-x86_64 | 0.2-10 | 129.00 | 209.00 | 338.00 | OK | |
r-oldrel-macos-arm64 | 0.2-10 | 90.00 | NOTE | |||
r-oldrel-macos-x86_64 | 0.2-10 | 162.00 | NOTE | |||
r-oldrel-windows-x86_64 | 0.2-10 | 123.00 | 202.00 | 325.00 | OK |
Version: 0.2-10
Check: Rd files
Result: NOTE
checkRd: (-1) bounded.reg.Rd:90-95: Lost braces in \itemize; meant \describe ?
checkRd: (-1) bounded.reg.Rd:97-98: Lost braces in \itemize; meant \describe ?
checkRd: (-1) bounded.reg.Rd:100-102: Lost braces in \itemize; meant \describe ?
checkRd: (-1) bounded.reg.Rd:104-106: Lost braces in \itemize; meant \describe ?
checkRd: (-1) bounded.reg.Rd:108-111: Lost braces in \itemize; meant \describe ?
checkRd: (-1) bounded.reg.Rd:113-115: Lost braces in \itemize; meant \describe ?
checkRd: (-1) elastic.net.Rd:92-97: Lost braces in \itemize; meant \describe ?
checkRd: (-1) elastic.net.Rd:99-100: Lost braces in \itemize; meant \describe ?
checkRd: (-1) elastic.net.Rd:102-103: Lost braces in \itemize; meant \describe ?
checkRd: (-1) elastic.net.Rd:105-107: Lost braces in \itemize; meant \describe ?
checkRd: (-1) elastic.net.Rd:109-112: Lost braces in \itemize; meant \describe ?
checkRd: (-1) elastic.net.Rd:114-119: Lost braces in \itemize; meant \describe ?
Flavors: r-devel-linux-x86_64-debian-clang, r-devel-linux-x86_64-debian-gcc
Version: 0.2-10
Check: installed package size
Result: NOTE
installed size is 8.3Mb
sub-directories of 1Mb or more:
libs 7.9Mb
Flavors: r-release-macos-arm64, r-release-macos-x86_64, r-oldrel-macos-arm64, r-oldrel-macos-x86_64