CRAN Package Check Results for Package qualpalr

Last updated on 2022-09-30 22:53:42 CEST.

Flavor Version Tinstall Tcheck Ttotal Status Flags
r-devel-linux-x86_64-debian-clang 0.4.3 35.10 44.89 79.99 NOTE
r-devel-linux-x86_64-debian-gcc 0.4.3 28.19 35.05 63.24 NOTE
r-devel-linux-x86_64-fedora-clang 0.4.3 122.90 NOTE
r-devel-linux-x86_64-fedora-gcc 0.4.3 109.70 NOTE
r-devel-windows-x86_64 0.4.3 42.00 102.00 144.00 NOTE
r-patched-linux-x86_64 0.4.3 26.62 42.83 69.45 NOTE
r-release-linux-x86_64 0.4.3 26.92 42.89 69.81 NOTE
r-release-macos-arm64 0.4.3 33.00 NOTE
r-release-macos-x86_64 0.4.3 45.00 NOTE
r-release-windows-x86_64 0.4.3 40.00 101.00 141.00 NOTE
r-oldrel-macos-arm64 0.4.3 35.00 NOTE
r-oldrel-macos-x86_64 0.4.3 52.00 NOTE
r-oldrel-windows-ix86+x86_64 0.4.3 90.00 98.00 188.00 NOTE

Check Details

Version: 0.4.3
Check: LazyData
Result: NOTE
     'LazyData' is specified without a 'data' directory
Flavors: r-devel-linux-x86_64-debian-clang, r-devel-linux-x86_64-debian-gcc, r-devel-linux-x86_64-fedora-clang, r-devel-linux-x86_64-fedora-gcc, r-devel-windows-x86_64, r-patched-linux-x86_64, r-release-linux-x86_64, r-release-macos-arm64, r-release-macos-x86_64, r-release-windows-x86_64, r-oldrel-macos-arm64, r-oldrel-macos-x86_64, r-oldrel-windows-ix86+x86_64

Version: 0.4.3
Check: for GNU extensions in Makefiles
Result: NOTE
    GNU make is a SystemRequirements.
Flavors: r-devel-linux-x86_64-debian-clang, r-devel-linux-x86_64-debian-gcc, r-devel-linux-x86_64-fedora-clang, r-devel-linux-x86_64-fedora-gcc, r-devel-windows-x86_64, r-patched-linux-x86_64, r-release-linux-x86_64, r-release-macos-arm64, r-release-macos-x86_64, r-release-windows-x86_64, r-oldrel-macos-arm64, r-oldrel-macos-x86_64, r-oldrel-windows-ix86+x86_64