CRAN Package Check Results for Package quantdr

Last updated on 2024-06-23 22:48:38 CEST.

Flavor Version Tinstall Tcheck Ttotal Status Flags
r-devel-linux-x86_64-debian-clang 1.2.2 2.38 71.77 74.15 NOTE
r-devel-linux-x86_64-debian-gcc 1.2.2 1.89 51.46 53.35 NOTE
r-devel-linux-x86_64-fedora-clang 1.2.2 91.79 NOTE
r-devel-linux-x86_64-fedora-gcc 1.2.2 101.13 NOTE
r-devel-windows-x86_64 1.2.2 4.00 68.00 72.00 NOTE
r-patched-linux-x86_64 1.2.2 3.11 67.02 70.13 NOTE
r-release-linux-x86_64 1.2.2 2.86 68.07 70.93 NOTE
r-release-macos-arm64 1.2.2 30.00 NOTE
r-release-macos-x86_64 1.2.2 49.00 NOTE
r-release-windows-x86_64 1.2.2 4.00 68.00 72.00 NOTE
r-oldrel-macos-arm64 1.2.2 36.00 OK
r-oldrel-macos-x86_64 1.2.2 56.00 OK
r-oldrel-windows-x86_64 1.2.2 4.00 79.00 83.00 OK

Check Details

Version: 1.2.2
Check: Rd files
Result: NOTE checkRd: (-1) cqs.Rd:30-31: Lost braces in \itemize; \value handles \item{}{} directly checkRd: (-1) cqs.Rd:33-35: Lost braces in \itemize; \value handles \item{}{} directly checkRd: (-1) cqs.Rd:37-45: Lost braces in \itemize; \value handles \item{}{} directly checkRd: (-1) llqr.Rd:35-36: Lost braces in \itemize; \value handles \item{}{} directly checkRd: (-1) llqr.Rd:38-41: Lost braces in \itemize; \value handles \item{}{} directly Flavors: r-devel-linux-x86_64-debian-clang, r-devel-linux-x86_64-debian-gcc, r-devel-linux-x86_64-fedora-clang, r-devel-linux-x86_64-fedora-gcc, r-devel-windows-x86_64, r-patched-linux-x86_64, r-release-linux-x86_64, r-release-macos-arm64, r-release-macos-x86_64, r-release-windows-x86_64