CRAN Package Check Results for Package quanteda.textplots

Last updated on 2021-05-14 23:50:57 CEST.

Flavor Version Tinstall Tcheck Ttotal Status Flags
r-devel-linux-x86_64-debian-clang 0.94 27.94 138.99 166.93 NOTE
r-devel-linux-x86_64-debian-gcc 0.94 19.56 106.27 125.83 NOTE
r-devel-linux-x86_64-fedora-clang 0.94 214.74 NOTE
r-devel-linux-x86_64-fedora-gcc 0.94 206.12 NOTE
r-devel-windows-ix86+x86_64 0.94 64.00 204.00 268.00 NOTE
r-devel-windows-x86_64-gcc10-UCRT 0.94 NOTE
r-patched-linux-x86_64 0.94 30.46 134.81 165.27 NOTE
r-patched-solaris-x86 0.94 323.90 NOTE
r-release-linux-x86_64 0.94 20.53 130.14 150.67 OK
r-release-macos-x86_64 0.94 OK
r-release-windows-ix86+x86_64 0.94 51.00 275.00 326.00 OK
r-oldrel-macos-x86_64 0.94 OK
r-oldrel-windows-ix86+x86_64 0.94 44.00 282.00 326.00 OK

Check Details

Version: 0.94
Check: LazyData
Result: NOTE
     'LazyData' is specified without a 'data' directory
Flavors: r-devel-linux-x86_64-debian-clang, r-devel-linux-x86_64-debian-gcc, r-devel-linux-x86_64-fedora-clang, r-devel-linux-x86_64-fedora-gcc, r-devel-windows-ix86+x86_64, r-devel-windows-x86_64-gcc10-UCRT, r-patched-linux-x86_64, r-patched-solaris-x86