CRAN Package Check Results for Package quantoptr

Last updated on 2021-06-19 22:56:39 CEST.

Flavor Version Tinstall Tcheck Ttotal Status Flags
r-devel-linux-x86_64-debian-clang 0.1.3 9.90 89.04 98.94 NOTE
r-devel-linux-x86_64-debian-gcc 0.1.3 8.19 68.00 76.19 NOTE
r-devel-linux-x86_64-fedora-clang 0.1.3 132.99 NOTE
r-devel-linux-x86_64-fedora-gcc 0.1.3 121.85 NOTE
r-devel-windows-x86_64 0.1.3 15.00 81.00 96.00 NOTE
r-devel-windows-x86_64-gcc10-UCRT 0.1.3 NOTE
r-patched-linux-x86_64 0.1.3 8.87 86.19 95.06 NOTE
r-patched-solaris-x86 0.1.3 177.30 NOTE
r-release-linux-x86_64 0.1.3 8.79 86.46 95.25 NOTE
r-release-macos-arm64 0.1.3 NOTE
r-release-macos-x86_64 0.1.3 NOTE
r-release-windows-ix86+x86_64 0.1.3 21.00 113.00 134.00 NOTE
r-oldrel-macos-x86_64 0.1.3 OK
r-oldrel-windows-ix86+x86_64 0.1.3 14.00 109.00 123.00 OK

Check Details

Version: 0.1.3
Check: LazyData
Result: NOTE
     'LazyData' is specified without a 'data' directory
Flavors: r-devel-linux-x86_64-debian-clang, r-devel-linux-x86_64-debian-gcc, r-devel-linux-x86_64-fedora-clang, r-devel-linux-x86_64-fedora-gcc, r-devel-windows-x86_64, r-devel-windows-x86_64-gcc10-UCRT, r-patched-linux-x86_64, r-patched-solaris-x86, r-release-linux-x86_64, r-release-macos-arm64, r-release-macos-x86_64, r-release-windows-ix86+x86_64