CRAN Package Check Results for Package quantreg

Last updated on 2021-09-21 22:51:45 CEST.

Flavor Version Tinstall Tcheck Ttotal Status Flags
r-devel-linux-x86_64-debian-clang 5.86 30.27 181.99 212.26 OK
r-devel-linux-x86_64-debian-gcc 5.86 23.85 136.09 159.94 OK
r-devel-linux-x86_64-fedora-clang 5.86 260.08 OK
r-devel-linux-x86_64-fedora-gcc 5.86 249.42 OK
r-devel-windows-x86_64 5.86 38.00 174.00 212.00 OK
r-devel-windows-x86_64-gcc10-UCRT 5.86 ERROR
r-patched-linux-x86_64 5.86 26.25 175.39 201.64 OK
r-patched-solaris-x86 5.86 349.80 OK
r-release-linux-x86_64 5.86 24.68 175.92 200.60 OK
r-release-macos-arm64 5.86 OK
r-release-macos-x86_64 5.86 OK
r-release-windows-ix86+x86_64 5.86 80.00 259.00 339.00 OK
r-oldrel-macos-x86_64 5.86 OK
r-oldrel-windows-ix86+x86_64 5.86 77.00 244.00 321.00 OK

Check Details

Version: 5.86
Check: whether package can be installed
Result: ERROR
    Installation failed.
Flavor: r-devel-windows-x86_64-gcc10-UCRT