CRAN Package Check Results for Package quantreg

Last updated on 2019-07-16 07:51:00 CEST.

Flavor Version Tinstall Tcheck Ttotal Status Flags
r-devel-linux-x86_64-debian-clang 5.41 19.03 148.58 167.61 OK
r-devel-linux-x86_64-debian-gcc 5.41 20.48 115.50 135.98 OK
r-devel-linux-x86_64-fedora-clang 5.42 190.76 ERROR
r-devel-linux-x86_64-fedora-gcc 5.42 194.27 ERROR
r-devel-windows-ix86+x86_64 5.42 97.00 272.00 369.00 OK
r-patched-linux-x86_64 5.41 21.49 148.10 169.59 OK
r-patched-solaris-x86 5.42 277.00 OK
r-release-linux-x86_64 5.41 20.49 145.85 166.34 OK
r-release-windows-ix86+x86_64 5.41 61.00 225.00 286.00 OK
r-release-osx-x86_64 5.41 OK
r-oldrel-windows-ix86+x86_64 5.42 56.00 175.00 231.00 OK
r-oldrel-osx-x86_64 5.41 OK

Check Details

Version: 5.42
Check: examples
Result: ERROR
    Running examples in ‘quantreg-Ex.R’ failed
    The error most likely occurred in:
    
    > ### Name: plot.summary.rqs
    > ### Title: Visualizing sequences of quantile regression summaries
    > ### Aliases: plot.summary.rqs
    > ### Keywords: hplot
    >
    > ### ** Examples
    >
    > ## fit Engel models (in levels) for tau = 0.1, ..., 0.9
    > data("engel")
    > fm <- rq(foodexp ~ income, data = engel, tau = 1:9/10)
    > sfm <- summary(fm)
    Warning in rq.fit.br(x, y, tau = tau, ci = TRUE, ...) :
     Solution may be nonunique
    Warning in rq.fit.br(x, y, tau = tau, ci = TRUE, ...) :
     Solution may be nonunique
    Warning in rq.fit.br(x, y, tau = tau, ci = TRUE, ...) :
     Solution may be nonunique
    Warning in rq.fit.br(x, y, tau = tau, ci = TRUE, ...) :
     Solution may be nonunique
    >
    > ## visualizations
    > plot(sfm)
    Error in plot.window(...) : infinite axis extents [GEPretty(-inf,inf,5)]
    Calls: plot ... plot.summary.rqs -> plot -> plot.default -> localWindow -> plot.window
    Execution halted
Flavors: r-devel-linux-x86_64-fedora-clang, r-devel-linux-x86_64-fedora-gcc