CRAN Package Check Results for Package quickPlot

Last updated on 2021-11-27 22:57:06 CET.

Flavor Version Tinstall Tcheck Ttotal Status Flags
r-devel-linux-x86_64-debian-clang 0.1.6 NOTE
r-devel-linux-x86_64-debian-gcc 0.1.6 30.66 252.87 283.53 NOTE
r-devel-linux-x86_64-fedora-clang 0.1.6 467.32 NOTE
r-devel-linux-x86_64-fedora-gcc 0.1.6 459.49 NOTE
r-devel-windows-x86_64-new-UL 0.1.6 66.00 404.00 470.00 NOTE
r-devel-windows-x86_64-new-TK 0.1.6 NOTE
r-devel-windows-x86_64-old 0.1.6 48.00 379.00 427.00 NOTE
r-patched-linux-x86_64 0.1.6 41.41 317.53 358.94 NOTE
r-patched-solaris-x86 0.1.6 528.80 NOTE
r-release-linux-x86_64 0.1.6 NOTE
r-release-macos-arm64 0.1.6 NOTE
r-release-macos-x86_64 0.1.6 NOTE
r-release-windows-ix86+x86_64 0.1.6 79.00 284.00 363.00 NOTE
r-oldrel-macos-x86_64 0.1.6 NOTE
r-oldrel-windows-ix86+x86_64 0.1.6 80.00 369.00 449.00 NOTE

Check Details

Version: 0.1.6
Check: package dependencies
Result: NOTE
    Package suggested but not available for checking: 'fastshp'
Flavors: r-devel-linux-x86_64-debian-clang, r-devel-linux-x86_64-debian-gcc, r-devel-linux-x86_64-fedora-clang, r-devel-linux-x86_64-fedora-gcc, r-devel-windows-x86_64-new-UL, r-devel-windows-x86_64-new-TK, r-devel-windows-x86_64-old, r-patched-linux-x86_64, r-patched-solaris-x86, r-release-linux-x86_64, r-release-macos-arm64, r-release-macos-x86_64, r-release-windows-ix86+x86_64, r-oldrel-macos-x86_64, r-oldrel-windows-ix86+x86_64