CRAN Package Check Results for Package quiltr

Last updated on 2024-05-29 22:56:58 CEST.

Flavor Version Tinstall Tcheck Ttotal Status Flags
r-devel-linux-x86_64-debian-clang 0.1.0 2.60 28.95 31.55 OK
r-devel-linux-x86_64-debian-gcc 0.1.0 1.86 22.25 24.11 OK
r-devel-linux-x86_64-fedora-clang 0.1.0 40.81 NOTE
r-devel-linux-x86_64-fedora-gcc 0.1.0 50.39 NOTE
r-devel-windows-x86_64 0.1.0 4.00 45.00 49.00 OK
r-patched-linux-x86_64 0.1.0 2.82 28.13 30.95 OK
r-release-linux-x86_64 0.1.0 2.98 28.30 31.28 OK
r-release-macos-arm64 0.1.0 24.00 OK
r-release-windows-x86_64 0.1.0 5.00 44.00 49.00 OK
r-oldrel-macos-arm64 0.1.0 24.00 OK
r-oldrel-macos-x86_64 0.1.0 35.00 OK
r-oldrel-windows-x86_64 0.1.0 4.00 46.00 50.00 OK

Check Details

Version: 0.1.0
Check: data for non-ASCII characters
Result: NOTE Note: found 99 marked UTF-8 strings Flavors: r-devel-linux-x86_64-fedora-clang, r-devel-linux-x86_64-fedora-gcc