CRAN Package Check Results for Package quokar

Last updated on 2021-08-02 22:54:44 CEST.

Flavor Version Tinstall Tcheck Ttotal Status Flags
r-devel-linux-x86_64-debian-clang 0.1.0 13.96 156.33 170.29 OK
r-devel-linux-x86_64-debian-gcc 0.1.0 12.60 111.79 124.39 OK
r-devel-linux-x86_64-fedora-clang 0.1.0 208.37 NOTE
r-devel-linux-x86_64-fedora-gcc 0.1.0 194.38 NOTE
r-devel-windows-x86_64 0.1.0 25.00 187.00 212.00 OK
r-devel-windows-x86_64-gcc10-UCRT 0.1.0 NOTE
r-patched-linux-x86_64 0.1.0 OK
r-patched-solaris-x86 0.1.0 266.60 NOTE
r-release-linux-x86_64 0.1.0 14.08 141.83 155.91 OK
r-release-macos-arm64 0.1.0 WARN
r-release-macos-x86_64 0.1.0 NOTE
r-release-windows-ix86+x86_64 0.1.0 37.00 228.00 265.00 OK
r-oldrel-macos-x86_64 0.1.0 NOTE
r-oldrel-windows-ix86+x86_64 0.1.0 27.00 226.00 253.00 OK

Check Details

Version: 0.1.0
Check: dependencies in R code
Result: NOTE
    Namespaces in Imports field not imported from:
     ‘MCMCpack’ ‘gridExtra’ ‘knitr’
     All declared Imports should be used.
Flavors: r-devel-linux-x86_64-fedora-clang, r-devel-linux-x86_64-fedora-gcc, r-devel-windows-x86_64-gcc10-UCRT, r-patched-solaris-x86, r-release-macos-arm64, r-release-macos-x86_64, r-oldrel-macos-x86_64

Version: 0.1.0
Check: re-building of vignette outputs
Result: WARN
    Error(s) in re-building vignettes:
    --- re-building ‘quokar.Rmd’ using rmarkdown
    Warning in engine$weave(file, quiet = quiet, encoding = enc) :
     Pandoc (>= 1.12.3) not available. Falling back to R Markdown v1.
    Loading required package: SparseM
    
    Attaching package: 'SparseM'
    
    The following object is masked from 'package:base':
    
     backsolve
    
    
    Attaching package: 'dplyr'
    
    The following object is masked from 'package:gridExtra':
    
     combine
    
    The following objects are masked from 'package:stats':
    
     filter, lag
    
    The following objects are masked from 'package:base':
    
     intersect, setdiff, setequal, union
    
    Quitting from lines 62-63 (quokar.Rmd)
    Error: processing vignette 'quokar.Rmd' failed with diagnostics:
    polygon edge not found
    --- failed re-building ‘quokar.Rmd’
    
    SUMMARY: processing the following file failed:
     ‘quokar.Rmd’
    
    Error: Vignette re-building failed.
    Execution halted
Flavor: r-release-macos-arm64