CRAN Package Check Results for Package quokar

Last updated on 2019-12-11 22:51:20 CET.

Flavor Version Tinstall Tcheck Ttotal Status Flags
r-devel-linux-x86_64-debian-clang 0.1.0 16.30 137.17 153.47 OK
r-devel-linux-x86_64-debian-gcc 0.1.0 11.29 101.48 112.77 OK
r-devel-linux-x86_64-fedora-clang 0.1.0 175.92 NOTE
r-devel-linux-x86_64-fedora-gcc 0.1.0 170.85 NOTE
r-devel-windows-ix86+x86_64 0.1.0 29.00 235.00 264.00 OK
r-devel-windows-ix86+x86_64-gcc8 0.1.0 33.00 245.00 278.00 OK
r-patched-linux-x86_64 0.1.0 13.08 118.88 131.96 OK
r-patched-solaris-x86 0.1.0 227.80 NOTE
r-release-linux-x86_64 0.1.0 14.02 119.69 133.71 OK
r-release-windows-ix86+x86_64 0.1.0 24.00 168.00 192.00 OK
r-release-osx-x86_64 0.1.0 NOTE
r-oldrel-windows-ix86+x86_64 0.1.0 18.00 164.00 182.00 OK
r-oldrel-osx-x86_64 0.1.0 NOTE

Check Details

Version: 0.1.0
Check: dependencies in R code
Result: NOTE
    Namespaces in Imports field not imported from:
     ‘MCMCpack’ ‘gridExtra’ ‘knitr’
     All declared Imports should be used.
Flavors: r-devel-linux-x86_64-fedora-clang, r-devel-linux-x86_64-fedora-gcc, r-patched-solaris-x86, r-release-osx-x86_64, r-oldrel-osx-x86_64