CRAN Package Check Results for Package quokar

Last updated on 2021-10-19 22:54:06 CEST.

Flavor Version Tinstall Tcheck Ttotal Status Flags
r-devel-linux-x86_64-debian-clang 0.1.0 15.97 153.75 169.72 OK
r-devel-linux-x86_64-debian-gcc 0.1.0 12.42 111.93 124.35 OK
r-devel-linux-x86_64-fedora-clang 0.1.0 203.93 NOTE
r-devel-linux-x86_64-fedora-gcc 0.1.0 198.87 NOTE
r-devel-windows-x86_64 0.1.0 24.00 154.00 178.00 OK
r-devel-windows-x86_64-gcc10-UCRT 0.1.0 NOTE
r-patched-linux-x86_64 0.1.0 14.18 142.71 156.89 OK
r-patched-solaris-x86 0.1.0 233.00 NOTE
r-release-linux-x86_64 0.1.0 13.93 141.68 155.61 OK
r-release-macos-arm64 0.1.0 NOTE
r-release-macos-x86_64 0.1.0 NOTE
r-release-windows-ix86+x86_64 0.1.0 38.00 229.00 267.00 OK
r-oldrel-macos-x86_64 0.1.0 NOTE
r-oldrel-windows-ix86+x86_64 0.1.0 43.00 233.00 276.00 OK

Check Details

Version: 0.1.0
Check: dependencies in R code
Result: NOTE
    Namespaces in Imports field not imported from:
     ‘MCMCpack’ ‘gridExtra’ ‘knitr’
     All declared Imports should be used.
Flavors: r-devel-linux-x86_64-fedora-clang, r-devel-linux-x86_64-fedora-gcc, r-devel-windows-x86_64-gcc10-UCRT, r-patched-solaris-x86, r-release-macos-arm64, r-release-macos-x86_64, r-oldrel-macos-x86_64