CRAN Package Check Results for Package quokar

Last updated on 2019-08-18 22:47:05 CEST.

Flavor Version Tinstall Tcheck Ttotal Status Flags
r-devel-linux-x86_64-debian-clang 0.1.0 12.38 123.94 136.32 OK
r-devel-linux-x86_64-debian-gcc 0.1.0 10.67 94.49 105.16 OK
r-devel-linux-x86_64-fedora-clang 0.1.0 156.27 NOTE
r-devel-linux-x86_64-fedora-gcc 0.1.0 157.89 NOTE
r-devel-windows-ix86+x86_64 0.1.0 42.00 179.00 221.00 OK
r-patched-linux-x86_64 0.1.0 12.28 117.54 129.82 OK
r-patched-solaris-x86 0.1.0 236.60 NOTE
r-release-linux-x86_64 0.1.0 12.09 116.14 128.23 OK
r-release-windows-ix86+x86_64 0.1.0 26.00 162.00 188.00 OK
r-release-osx-x86_64 0.1.0 NOTE
r-oldrel-windows-ix86+x86_64 0.1.0 27.00 211.00 238.00 OK
r-oldrel-osx-x86_64 0.1.0 NOTE

Check Details

Version: 0.1.0
Check: dependencies in R code
Result: NOTE
    Namespaces in Imports field not imported from:
     ‘MCMCpack’ ‘gridExtra’ ‘knitr’
     All declared Imports should be used.
Flavors: r-devel-linux-x86_64-fedora-clang, r-devel-linux-x86_64-fedora-gcc, r-patched-solaris-x86, r-release-osx-x86_64, r-oldrel-osx-x86_64