CRAN Package Check Results for Package r02pro

Last updated on 2024-07-20 21:56:12 CEST.

Flavor Version Tinstall Tcheck Ttotal Status Flags
r-devel-linux-x86_64-debian-clang 0.2 6.09 44.73 50.82 NOTE
r-devel-linux-x86_64-debian-gcc 0.2 5.10 33.86 38.96 NOTE
r-devel-linux-x86_64-fedora-clang 0.2 66.14 NOTE
r-devel-linux-x86_64-fedora-gcc 0.2 60.04 NOTE
r-devel-windows-x86_64 0.2 8.00 56.00 64.00 NOTE
r-patched-linux-x86_64 0.2 6.13 42.31 48.44 NOTE
r-release-linux-x86_64 0.2 6.41 41.31 47.72 NOTE
r-release-macos-arm64 0.2 24.00 NOTE
r-release-macos-x86_64 0.2 39.00 NOTE
r-release-windows-x86_64 0.2 7.00 55.00 62.00 NOTE
r-oldrel-macos-arm64 0.2 25.00 OK
r-oldrel-macos-x86_64 0.2 35.00 OK
r-oldrel-windows-x86_64 0.2 11.00 60.00 71.00 OK

Check Details

Version: 0.2
Check: Rd files
Result: NOTE checkRd: (-1) ahp.Rd:17: Lost braces in \itemize; meant \describe ? checkRd: (-1) ahp.Rd:18: Lost braces in \itemize; meant \describe ? checkRd: (-1) ahp.Rd:19: Lost braces in \itemize; meant \describe ? checkRd: (-1) ahp.Rd:20: Lost braces in \itemize; meant \describe ? checkRd: (-1) ahp.Rd:21: Lost braces in \itemize; meant \describe ? checkRd: (-1) ahp.Rd:22: Lost braces in \itemize; meant \describe ? checkRd: (-1) ahp.Rd:23: Lost braces in \itemize; meant \describe ? checkRd: (-1) ahp.Rd:24: Lost braces in \itemize; meant \describe ? checkRd: (-1) ahp.Rd:25: Lost braces in \itemize; meant \describe ? checkRd: (-1) ahp.Rd:26: Lost braces in \itemize; meant \describe ? checkRd: (-1) ahp.Rd:27: Lost braces in \itemize; meant \describe ? checkRd: (-1) ahp.Rd:28: Lost braces in \itemize; meant \describe ? checkRd: (-1) ahp.Rd:29: Lost braces in \itemize; meant \describe ? checkRd: (-1) ahp.Rd:30: Lost braces in \itemize; meant \describe ? checkRd: (-1) ahp.Rd:31: Lost braces in \itemize; meant \describe ? checkRd: (-1) ahp.Rd:32: Lost braces in \itemize; meant \describe ? checkRd: (-1) ahp.Rd:37: Lost braces in \itemize; meant \describe ? checkRd: (-1) ahp.Rd:38: Lost braces in \itemize; meant \describe ? checkRd: (-1) ahp.Rd:39: Lost braces in \itemize; meant \describe ? checkRd: (-1) ahp.Rd:40: Lost braces in \itemize; meant \describe ? checkRd: (-1) ahp.Rd:41: Lost braces in \itemize; meant \describe ? checkRd: (-1) ahp.Rd:46: Lost braces in \itemize; meant \describe ? checkRd: (-1) ahp.Rd:47: Lost braces in \itemize; meant \describe ? checkRd: (-1) ahp.Rd:48: Lost braces in \itemize; meant \describe ? checkRd: (-1) ahp.Rd:49: Lost braces in \itemize; meant \describe ? checkRd: (-1) ahp.Rd:50: Lost braces in \itemize; meant \describe ? checkRd: (-1) ahp.Rd:51: Lost braces in \itemize; meant \describe ? checkRd: (-1) ahp.Rd:52: Lost braces in \itemize; meant \describe ? checkRd: (-1) ahp.Rd:53: Lost braces in \itemize; meant \describe ? checkRd: (-1) ahp.Rd:58: Lost braces in \itemize; meant \describe ? checkRd: (-1) ahp.Rd:59: Lost braces in \itemize; meant \describe ? checkRd: (-1) ahp.Rd:60: Lost braces in \itemize; meant \describe ? checkRd: (-1) ahp.Rd:61: Lost braces in \itemize; meant \describe ? checkRd: (-1) ahp.Rd:62: Lost braces in \itemize; meant \describe ? checkRd: (-1) ahp.Rd:63: Lost braces in \itemize; meant \describe ? checkRd: (-1) ahp.Rd:64: Lost braces in \itemize; meant \describe ? checkRd: (-1) ahp.Rd:65: Lost braces in \itemize; meant \describe ? checkRd: (-1) ahp.Rd:70: Lost braces in \itemize; meant \describe ? checkRd: (-1) ahp.Rd:71: Lost braces in \itemize; meant \describe ? checkRd: (-1) ahp.Rd:72: Lost braces in \itemize; meant \describe ? checkRd: (-1) ahp.Rd:73: Lost braces in \itemize; meant \describe ? checkRd: (-1) ahp.Rd:74: Lost braces in \itemize; meant \describe ? checkRd: (-1) ahp.Rd:75: Lost braces in \itemize; meant \describe ? checkRd: (-1) ahp.Rd:76: Lost braces in \itemize; meant \describe ? checkRd: (-1) ahp.Rd:77: Lost braces in \itemize; meant \describe ? checkRd: (-1) ahp.Rd:78: Lost braces in \itemize; meant \describe ? checkRd: (-1) ahp.Rd:79: Lost braces in \itemize; meant \describe ? checkRd: (-1) ahp.Rd:80: Lost braces in \itemize; meant \describe ? checkRd: (-1) ahp.Rd:81: Lost braces in \itemize; meant \describe ? checkRd: (-1) ahp.Rd:82: Lost braces in \itemize; meant \describe ? checkRd: (-1) ahp.Rd:83: Lost braces in \itemize; meant \describe ? checkRd: (-1) ahp.Rd:84: Lost braces in \itemize; meant \describe ? checkRd: (-1) ahp.Rd:85: Lost braces in \itemize; meant \describe ? checkRd: (-1) ahp.Rd:86: Lost braces in \itemize; meant \describe ? checkRd: (-1) ahp.Rd:87: Lost braces in \itemize; meant \describe ? checkRd: (-1) ahp.Rd:88: Lost braces in \itemize; meant \describe ? checkRd: (-1) ahp.Rd:89: Lost braces in \itemize; meant \describe ? checkRd: (-1) ahp.Rd:90: Lost braces in \itemize; meant \describe ? checkRd: (-1) ahp.Rd:91: Lost braces in \itemize; meant \describe ? checkRd: (-1) ahp.Rd:92: Lost braces in \itemize; meant \describe ? checkRd: (-1) ahp.Rd:93: Lost braces in \itemize; meant \describe ? checkRd: (-1) ahp.Rd:94: Lost braces in \itemize; meant \describe ? checkRd: (-1) ahp.Rd:99: Lost braces in \itemize; meant \describe ? checkRd: (-1) ahp.Rd:100: Lost braces in \itemize; meant \describe ? checkRd: (-1) ahp.Rd:101: Lost braces in \itemize; meant \describe ? checkRd: (-1) ahp.Rd:102: Lost braces in \itemize; meant \describe ? checkRd: (-1) ahp.Rd:103: Lost braces in \itemize; meant \describe ? checkRd: (-1) ahp.Rd:104: Lost braces in \itemize; meant \describe ? checkRd: (-1) ahp.Rd:105: Lost braces in \itemize; meant \describe ? checkRd: (-1) ahp.Rd:106: Lost braces in \itemize; meant \describe ? checkRd: (-1) ahp.Rd:107: Lost braces in \itemize; meant \describe ? checkRd: (-1) ahp.Rd:108: Lost braces in \itemize; meant \describe ? checkRd: (-1) ahp.Rd:113: Lost braces in \itemize; meant \describe ? checkRd: (-1) ahp.Rd:114: Lost braces in \itemize; meant \describe ? checkRd: (-1) ahp.Rd:115: Lost braces in \itemize; meant \describe ? checkRd: (-1) ahp.Rd:116: Lost braces in \itemize; meant \describe ? checkRd: (-1) ahp.Rd:117: Lost braces in \itemize; meant \describe ? checkRd: (-1) ahp.Rd:118: Lost braces in \itemize; meant \describe ? checkRd: (-1) ahp.Rd:119: Lost braces in \itemize; meant \describe ? checkRd: (-1) ahp.Rd:120: Lost braces in \itemize; meant \describe ? checkRd: (-1) ahp.Rd:121: Lost braces in \itemize; meant \describe ? checkRd: (-1) ahp.Rd:122: Lost braces in \itemize; meant \describe ? checkRd: (-1) ahp.Rd:127: Lost braces in \itemize; meant \describe ? checkRd: (-1) ahp.Rd:128: Lost braces in \itemize; meant \describe ? checkRd: (-1) ahp.Rd:129: Lost braces in \itemize; meant \describe ? checkRd: (-1) ahp.Rd:130: Lost braces in \itemize; meant \describe ? checkRd: (-1) ahp.Rd:131: Lost braces in \itemize; meant \describe ? checkRd: (-1) ahp.Rd:132: Lost braces in \itemize; meant \describe ? checkRd: (-1) ahp.Rd:133: Lost braces in \itemize; meant \describe ? checkRd: (-1) ahp.Rd:134: Lost braces in \itemize; meant \describe ? checkRd: (-1) ahp.Rd:147: Lost braces in \itemize; meant \describe ? checkRd: (-1) ahp.Rd:148: Lost braces in \itemize; meant \describe ? checkRd: (-1) ahp.Rd:153: Lost braces in \itemize; meant \describe ? checkRd: (-1) ahp.Rd:154: Lost braces in \itemize; meant \describe ? checkRd: (-1) ahp.Rd:155: Lost braces in \itemize; meant \describe ? checkRd: (-1) ahp.Rd:156: Lost braces in \itemize; meant \describe ? checkRd: (-1) ahp.Rd:157: Lost braces in \itemize; meant \describe ? checkRd: (-1) ahp.Rd:164: Lost braces in \itemize; meant \describe ? checkRd: (-1) ahp.Rd:165: Lost braces in \itemize; meant \describe ? checkRd: (-1) ahp.Rd:166: Lost braces in \itemize; meant \describe ? checkRd: (-1) ahp.Rd:167: Lost braces in \itemize; meant \describe ? checkRd: (-1) ahp.Rd:168: Lost braces in \itemize; meant \describe ? checkRd: (-1) ahp.Rd:173: Lost braces in \itemize; meant \describe ? checkRd: (-1) ahp.Rd:174: Lost braces in \itemize; meant \describe ? checkRd: (-1) ahp.Rd:175: Lost braces in \itemize; meant \describe ? checkRd: (-1) ahp.Rd:176: Lost braces in \itemize; meant \describe ? checkRd: (-1) ahp.Rd:177: Lost braces in \itemize; meant \describe ? checkRd: (-1) ahp.Rd:178: Lost braces in \itemize; meant \describe ? checkRd: (-1) ahp.Rd:183: Lost braces in \itemize; meant \describe ? checkRd: (-1) ahp.Rd:184: Lost braces in \itemize; meant \describe ? checkRd: (-1) ahp.Rd:185: Lost braces in \itemize; meant \describe ? checkRd: (-1) ahp.Rd:186: Lost braces in \itemize; meant \describe ? checkRd: (-1) ahp.Rd:187: Lost braces in \itemize; meant \describe ? checkRd: (-1) ahp.Rd:188: Lost braces in \itemize; meant \describe ? checkRd: (-1) ahp.Rd:189: Lost braces in \itemize; meant \describe ? checkRd: (-1) ahp.Rd:195: Lost braces in \itemize; meant \describe ? checkRd: (-1) ahp.Rd:196: Lost braces in \itemize; meant \describe ? checkRd: (-1) ahp.Rd:197: Lost braces in \itemize; meant \describe ? checkRd: (-1) ahp.Rd:198: Lost braces in \itemize; meant \describe ? checkRd: (-1) ahp.Rd:199: Lost braces in \itemize; meant \describe ? checkRd: (-1) ahp.Rd:200: Lost braces in \itemize; meant \describe ? checkRd: (-1) ahp.Rd:201: Lost braces in \itemize; meant \describe ? checkRd: (-1) ahp.Rd:202: Lost braces in \itemize; meant \describe ? checkRd: (-1) ahp.Rd:203: Lost braces in \itemize; meant \describe ? checkRd: (-1) ahp.Rd:204: Lost braces in \itemize; meant \describe ? checkRd: (-1) ahp.Rd:205: Lost braces in \itemize; meant \describe ? checkRd: (-1) ahp.Rd:206: Lost braces in \itemize; meant \describe ? checkRd: (-1) ahp.Rd:207: Lost braces in \itemize; meant \describe ? checkRd: (-1) ahp.Rd:208: Lost braces in \itemize; meant \describe ? checkRd: (-1) ahp.Rd:209: Lost braces in \itemize; meant \describe ? checkRd: (-1) ahp.Rd:210: Lost braces in \itemize; meant \describe ? checkRd: (-1) ahp.Rd:211: Lost braces in \itemize; meant \describe ? checkRd: (-1) ahp.Rd:217: Lost braces in \itemize; meant \describe ? checkRd: (-1) ahp.Rd:218: Lost braces in \itemize; meant \describe ? checkRd: (-1) ahp.Rd:219: Lost braces in \itemize; meant \describe ? checkRd: (-1) ahp.Rd:220: Lost braces in \itemize; meant \describe ? checkRd: (-1) ahp.Rd:221: Lost braces in \itemize; meant \describe ? checkRd: (-1) ahp.Rd:222: Lost braces in \itemize; meant \describe ? checkRd: (-1) ahp.Rd:227: Lost braces in \itemize; meant \describe ? checkRd: (-1) ahp.Rd:228: Lost braces in \itemize; meant \describe ? checkRd: (-1) ahp.Rd:229: Lost braces in \itemize; meant \describe ? checkRd: (-1) ahp.Rd:230: Lost braces in \itemize; meant \describe ? checkRd: (-1) ahp.Rd:231: Lost braces in \itemize; meant \describe ? checkRd: (-1) ahp.Rd:241: Lost braces in \itemize; meant \describe ? checkRd: (-1) ahp.Rd:242: Lost braces in \itemize; meant \describe ? checkRd: (-1) ahp.Rd:243: Lost braces in \itemize; meant \describe ? checkRd: (-1) ahp.Rd:244: Lost braces in \itemize; meant \describe ? checkRd: (-1) ahp.Rd:250: Lost braces in \itemize; meant \describe ? checkRd: (-1) ahp.Rd:251: Lost braces in \itemize; meant \describe ? checkRd: (-1) ahp.Rd:252: Lost braces in \itemize; meant \describe ? checkRd: (-1) ahp.Rd:253: Lost braces in \itemize; meant \describe ? checkRd: (-1) ahp.Rd:254: Lost braces in \itemize; meant \describe ? checkRd: (-1) ahp.Rd:255: Lost braces in \itemize; meant \describe ? checkRd: (-1) ahp.Rd:256: Lost braces in \itemize; meant \describe ? checkRd: (-1) ahp.Rd:263: Lost braces in \itemize; meant \describe ? checkRd: (-1) ahp.Rd:264: Lost braces in \itemize; meant \describe ? checkRd: (-1) ahp.Rd:265: Lost braces in \itemize; meant \describe ? checkRd: (-1) ahp.Rd:266: Lost braces in \itemize; meant \describe ? checkRd: (-1) ahp.Rd:271: Lost braces in \itemize; meant \describe ? checkRd: (-1) ahp.Rd:272: Lost braces in \itemize; meant \describe ? checkRd: (-1) ahp.Rd:273: Lost braces in \itemize; meant \describe ? checkRd: (-1) ahp.Rd:279: Lost braces in \itemize; meant \describe ? checkRd: (-1) ahp.Rd:280: Lost braces in \itemize; meant \describe ? checkRd: (-1) ahp.Rd:281: Lost braces in \itemize; meant \describe ? checkRd: (-1) ahp.Rd:282: Lost braces in \itemize; meant \describe ? checkRd: (-1) ahp.Rd:283: Lost braces in \itemize; meant \describe ? checkRd: (-1) ahp.Rd:289: Lost braces in \itemize; meant \describe ? checkRd: (-1) ahp.Rd:290: Lost braces in \itemize; meant \describe ? checkRd: (-1) ahp.Rd:291: Lost braces in \itemize; meant \describe ? checkRd: (-1) ahp.Rd:292: Lost braces in \itemize; meant \describe ? checkRd: (-1) ahp.Rd:297: Lost braces in \itemize; meant \describe ? checkRd: (-1) ahp.Rd:298: Lost braces in \itemize; meant \describe ? checkRd: (-1) ahp.Rd:299: Lost braces in \itemize; meant \describe ? checkRd: (-1) ahp.Rd:304: Lost braces in \itemize; meant \describe ? checkRd: (-1) ahp.Rd:305: Lost braces in \itemize; meant \describe ? checkRd: (-1) ahp.Rd:306: Lost braces in \itemize; meant \describe ? checkRd: (-1) ahp.Rd:307: Lost braces in \itemize; meant \describe ? checkRd: (-1) ahp.Rd:308: Lost braces in \itemize; meant \describe ? checkRd: (-1) ahp.Rd:309: Lost braces in \itemize; meant \describe ? checkRd: (-1) ahp.Rd:310: Lost braces in \itemize; meant \describe ? checkRd: (-1) ahp.Rd:311: Lost braces in \itemize; meant \describe ? checkRd: (-1) ahp.Rd:316: Lost braces in \itemize; meant \describe ? checkRd: (-1) ahp.Rd:317: Lost braces in \itemize; meant \describe ? checkRd: (-1) ahp.Rd:318: Lost braces in \itemize; meant \describe ? checkRd: (-1) ahp.Rd:319: Lost braces in \itemize; meant \describe ? checkRd: (-1) ahp.Rd:320: Lost braces in \itemize; meant \describe ? checkRd: (-1) ahp.Rd:321: Lost braces in \itemize; meant \describe ? checkRd: (-1) gm2004.Rd:35: Lost braces in \itemize; meant \describe ? checkRd: (-1) gm2004.Rd:36: Lost braces in \itemize; meant \describe ? checkRd: (-1) gm2004.Rd:37: Lost braces in \itemize; meant \describe ? checkRd: (-1) gm2004.Rd:38: Lost braces in \itemize; meant \describe ? checkRd: (-1) sahp.Rd:16: Lost braces in \itemize; meant \describe ? checkRd: (-1) sahp.Rd:17: Lost braces in \itemize; meant \describe ? checkRd: (-1) sahp.Rd:18: Lost braces in \itemize; meant \describe ? checkRd: (-1) sahp.Rd:19: Lost braces in \itemize; meant \describe ? checkRd: (-1) sahp.Rd:20: Lost braces in \itemize; meant \describe ? checkRd: (-1) sahp.Rd:21: Lost braces in \itemize; meant \describe ? checkRd: (-1) sahp.Rd:22: Lost braces in \itemize; meant \describe ? checkRd: (-1) sahp.Rd:23: Lost braces in \itemize; meant \describe ? checkRd: (-1) sahp.Rd:24: Lost braces in \itemize; meant \describe ? checkRd: (-1) sahp.Rd:25: Lost braces in \itemize; meant \describe ? checkRd: (-1) sahp.Rd:33: Lost braces in \itemize; meant \describe ? checkRd: (-1) sahp.Rd:34: Lost braces in \itemize; meant \describe ? checkRd: (-1) sahp.Rd:35: Lost braces in \itemize; meant \describe ? checkRd: (-1) sahp.Rd:36: Lost braces in \itemize; meant \describe ? checkRd: (-1) sahp.Rd:37: Lost braces in \itemize; meant \describe ? checkRd: (-1) sahp.Rd:38: Lost braces in \itemize; meant \describe ? checkRd: (-1) sahp.Rd:39: Lost braces in \itemize; meant \describe ? checkRd: (-1) sahp.Rd:40: Lost braces in \itemize; meant \describe ? checkRd: (-1) sahp.Rd:47: Lost braces in \itemize; meant \describe ? checkRd: (-1) sahp.Rd:48: Lost braces in \itemize; meant \describe ? Flavors: r-devel-linux-x86_64-debian-clang, r-devel-linux-x86_64-debian-gcc, r-devel-linux-x86_64-fedora-clang, r-devel-linux-x86_64-fedora-gcc, r-devel-windows-x86_64, r-patched-linux-x86_64, r-release-linux-x86_64, r-release-macos-arm64, r-release-macos-x86_64, r-release-windows-x86_64

Version: 0.2
Check: data for non-ASCII characters
Result: NOTE Note: found 63 marked UTF-8 strings Flavors: r-devel-linux-x86_64-fedora-clang, r-devel-linux-x86_64-fedora-gcc