CRAN Package Check Results for Package r2country

Last updated on 2024-02-21 21:49:49 CET.

Flavor Version Tinstall Tcheck Ttotal Status Flags
r-devel-linux-x86_64-debian-clang 2.0.2.3.1 OK
r-devel-linux-x86_64-debian-gcc 2.0.2.3.1 4.07 22.43 26.50 OK
r-devel-linux-x86_64-fedora-clang 2.0.2.3.1 44.33 NOTE
r-devel-linux-x86_64-fedora-gcc 2.0.2.3.1 54.46 NOTE
r-devel-windows-x86_64 2.0.2.3.1 5.00 49.00 54.00 OK
r-patched-linux-x86_64 2.0.2.3.1 4.80 28.65 33.45 OK
r-release-linux-x86_64 2.0.2.3.1 5.24 27.57 32.81 OK
r-release-macos-arm64 2.0.2.3.1 25.00 OK
r-release-macos-x86_64 2.0.2.3.1 55.00 OK
r-release-windows-x86_64 2.0.2.3.1 5.00 52.00 57.00 OK
r-oldrel-macos-arm64 2.0.2.3.1 113.00 OK
r-oldrel-windows-x86_64 2.0.2.3.1 8.00 51.00 59.00 OK

Check Details

Version: 2.0.2.3.1
Check: dependencies in R code
Result: NOTE Namespaces in Imports field not imported from: ‘quickcode’ ‘stats’ ‘utils’ All declared Imports should be used. Flavors: r-devel-linux-x86_64-fedora-clang, r-devel-linux-x86_64-fedora-gcc

Version: 2.0.2.3.1
Check: data for non-ASCII characters
Result: NOTE Note: found 6 marked Latin-1 strings Note: found 347 marked UTF-8 strings Flavors: r-devel-linux-x86_64-fedora-clang, r-devel-linux-x86_64-fedora-gcc