CRAN Package Check Results for Package r2dictionary

Last updated on 2024-06-13 22:49:40 CEST.

Flavor Version Tinstall Tcheck Ttotal Status Flags
r-devel-linux-x86_64-debian-clang 0.2 4.82 42.09 46.91 OK
r-devel-linux-x86_64-debian-gcc 0.2 0.56 1.66 2.22 ERROR
r-devel-linux-x86_64-fedora-clang 0.2 57.33 NOTE
r-devel-linux-x86_64-fedora-gcc 0.2 66.88 NOTE
r-devel-windows-x86_64 0.2 5.00 55.00 60.00 OK
r-patched-linux-x86_64 0.2 4.10 39.95 44.05 OK
r-release-linux-x86_64 0.2 4.13 40.65 44.78 OK
r-release-macos-arm64 0.2 27.00 OK
r-release-macos-x86_64 0.2 38.00 OK
r-release-windows-x86_64 0.2 5.00 57.00 62.00 OK
r-oldrel-macos-arm64 0.2 33.00 OK
r-oldrel-macos-x86_64 0.2 53.00 OK
r-oldrel-windows-x86_64 0.2 6.00 59.00 65.00 OK

Check Details

Version: 0.2
Check: package dependencies
Result: ERROR Package required but not available: ‘stringr’ See section ‘The DESCRIPTION file’ in the ‘Writing R Extensions’ manual. Flavor: r-devel-linux-x86_64-debian-gcc

Version: 0.2
Check: dependencies in R code
Result: NOTE Namespace in Imports field not imported from: ‘utils’ All declared Imports should be used. Flavors: r-devel-linux-x86_64-fedora-clang, r-devel-linux-x86_64-fedora-gcc