CRAN Package Check Results for Package r2dictionary

Last updated on 2023-09-26 23:04:22 CEST.

Flavor Version Tinstall Tcheck Ttotal Status Flags
r-devel-linux-x86_64-debian-clang 0.2 4.14 39.15 43.29 OK
r-devel-linux-x86_64-debian-gcc 0.2 3.05 32.14 35.19 OK
r-devel-linux-x86_64-fedora-clang 0.2 55.53 NOTE
r-devel-linux-x86_64-fedora-gcc 0.2 63.14 NOTE
r-devel-windows-x86_64 0.2 6.00 55.00 61.00 OK
r-patched-linux-x86_64 0.2 3.52 38.59 42.11 OK
r-release-linux-x86_64 0.2 4.21 38.80 43.01 OK
r-release-macos-arm64 0.2 33.00 OK
r-release-macos-x86_64 0.2 53.00 OK
r-release-windows-x86_64 0.2 6.00 56.00 62.00 OK
r-oldrel-macos-arm64 0.2 26.00 OK
r-oldrel-macos-x86_64 0.2 38.00 OK
r-oldrel-windows-x86_64 0.2 7.00 59.00 66.00 OK

Check Details

Version: 0.2
Check: dependencies in R code
Result: NOTE
    Namespace in Imports field not imported from: ‘utils’
     All declared Imports should be used.
Flavors: r-devel-linux-x86_64-fedora-clang, r-devel-linux-x86_64-fedora-gcc