Last updated on 2024-03-27 22:57:56 CET.
Flavor | Version | Tinstall | Tcheck | Ttotal | Status | Flags |
---|---|---|---|---|---|---|
r-devel-linux-x86_64-debian-clang | 0.4.1 | 3.21 | 36.01 | 39.22 | OK | |
r-devel-linux-x86_64-debian-gcc | 0.5.0 | 2.29 | 28.21 | 30.50 | OK | |
r-devel-linux-x86_64-fedora-clang | 0.5.0 | 52.54 | NOTE | |||
r-devel-linux-x86_64-fedora-gcc | 0.5.0 | 50.48 | NOTE | |||
r-devel-windows-x86_64 | 0.5.0 | 7.00 | 53.00 | 60.00 | OK | |
r-patched-linux-x86_64 | 0.4.1 | 3.26 | 35.36 | 38.62 | OK | |
r-release-linux-x86_64 | 0.4.1 | 3.91 | 35.71 | 39.62 | OK | |
r-release-macos-arm64 | 0.5.0 | 25.00 | OK | |||
r-release-macos-x86_64 | 0.5.0 | 49.00 | OK | |||
r-release-windows-x86_64 | 0.5.0 | 7.00 | 59.00 | 66.00 | OK | |
r-oldrel-macos-arm64 | 0.5.0 | 24.00 | OK | |||
r-oldrel-windows-x86_64 | 0.5.0 | 8.00 | 61.00 | 69.00 | OK |
Version: 0.5.0
Check: data for non-ASCII characters
Result: NOTE
Note: found 7 marked UTF-8 strings
Flavors: r-devel-linux-x86_64-fedora-clang, r-devel-linux-x86_64-fedora-gcc