Last updated on 2023-09-28 23:08:55 CEST.
Flavor | Version | Tinstall | Tcheck | Ttotal | Status | Flags |
---|---|---|---|---|---|---|
r-devel-linux-x86_64-debian-clang | 0.3.1 | 4.50 | 37.30 | 41.80 | OK | |
r-devel-linux-x86_64-debian-gcc | 0.3.1 | 3.53 | 29.09 | 32.62 | OK | |
r-devel-linux-x86_64-fedora-clang | 0.3.1 | 51.09 | NOTE | |||
r-devel-linux-x86_64-fedora-gcc | 0.3.1 | 49.31 | NOTE | |||
r-devel-windows-x86_64 | 0.3.1 | 6.00 | 56.00 | 62.00 | OK | |
r-patched-linux-x86_64 | 0.3.1 | 4.45 | 36.29 | 40.74 | OK | |
r-release-linux-x86_64 | 0.3.1 | 4.50 | 36.21 | 40.71 | OK | |
r-release-macos-arm64 | 0.3.1 | 23.00 | OK | |||
r-release-macos-x86_64 | 0.3.1 | 29.00 | OK | |||
r-release-windows-x86_64 | 0.3.1 | 7.00 | 58.00 | 65.00 | OK | |
r-oldrel-macos-arm64 | 0.3.1 | 21.00 | NOTE | |||
r-oldrel-macos-x86_64 | 0.3.1 | 30.00 | NOTE | |||
r-oldrel-windows-x86_64 | 0.3.1 | 8.00 | 60.00 | 68.00 | OK |
Version: 0.3.1
Check: data for non-ASCII characters
Result: NOTE
Note: found 5 marked UTF-8 strings
Flavors: r-devel-linux-x86_64-fedora-clang, r-devel-linux-x86_64-fedora-gcc, r-oldrel-macos-arm64, r-oldrel-macos-x86_64