Last updated on 2023-09-28 23:08:55 CEST.
Flavor | Version | Tinstall | Tcheck | Ttotal | Status | Flags |
---|---|---|---|---|---|---|
r-devel-linux-x86_64-debian-clang | 0.27.1 | 2.95 | 27.71 | 30.66 | OK | |
r-devel-linux-x86_64-debian-gcc | 0.27.1 | 1.90 | 21.97 | 23.87 | OK | |
r-devel-linux-x86_64-fedora-clang | 0.27.1 | 39.53 | NOTE | |||
r-devel-linux-x86_64-fedora-gcc | 0.27.1 | 38.31 | OK | |||
r-devel-windows-x86_64 | 0.27.1 | 6.00 | 46.00 | 52.00 | NOTE | |
r-patched-linux-x86_64 | 0.27.1 | 2.92 | 27.47 | 30.39 | OK | |
r-release-linux-x86_64 | 0.27.1 | 2.86 | 27.60 | 30.46 | OK | |
r-release-macos-arm64 | 0.27.1 | 17.00 | NOTE | |||
r-release-macos-x86_64 | 0.27.1 | 24.00 | NOTE | |||
r-release-windows-x86_64 | 0.27.1 | 4.00 | 46.00 | 50.00 | NOTE | |
r-oldrel-macos-arm64 | 0.27.1 | 16.00 | NOTE | |||
r-oldrel-macos-x86_64 | 0.27.1 | 25.00 | NOTE | |||
r-oldrel-windows-x86_64 | 0.27.1 | 5.00 | 48.00 | 53.00 | NOTE |
Version: 0.27.1
Check: installed package size
Result: NOTE
installed size is 5.1Mb
sub-directories of 1Mb or more:
java 5.0Mb
Flavors: r-devel-linux-x86_64-fedora-clang, r-devel-windows-x86_64, r-release-macos-arm64, r-release-macos-x86_64, r-release-windows-x86_64, r-oldrel-macos-arm64, r-oldrel-macos-x86_64, r-oldrel-windows-x86_64
Version: 0.27.1
Check: package dependencies
Result: NOTE
Packages suggested but not available for checking: 'caret', 'xgboost'
Flavor: r-release-macos-x86_64