CRAN Package Check Results for Package r2shortcode

Last updated on 2021-12-01 22:53:21 CET.

Flavor Version Tinstall Tcheck Ttotal Status Flags
r-devel-linux-x86_64-debian-clang 0.1 2.15 23.15 25.30 NOTE
r-devel-linux-x86_64-debian-gcc 0.1 1.73 18.91 20.64 NOTE
r-devel-linux-x86_64-fedora-clang 0.1 42.35 NOTE
r-devel-linux-x86_64-fedora-gcc 0.1 31.81 NOTE
r-devel-windows-x86_64-new-UL 0.1 7.00 62.00 69.00 NOTE
r-devel-windows-x86_64-new-TK 0.1 NOTE
r-devel-windows-x86_64-old 0.1 5.00 33.00 38.00 NOTE
r-patched-linux-x86_64 0.1 2.44 22.29 24.73 NOTE
r-patched-solaris-x86 0.1 46.40 NOTE
r-release-linux-x86_64 0.1 1.96 22.05 24.01 NOTE
r-release-macos-arm64 0.1 NOTE
r-release-macos-x86_64 0.1 NOTE
r-release-windows-ix86+x86_64 0.1 5.00 42.00 47.00 NOTE
r-oldrel-macos-x86_64 0.1 NOTE
r-oldrel-windows-ix86+x86_64 0.1 6.00 41.00 47.00 OK

Check Details

Version: 0.1
Check: LazyData
Result: NOTE
     'LazyData' is specified without a 'data' directory
Flavors: r-devel-linux-x86_64-debian-clang, r-devel-linux-x86_64-debian-gcc, r-devel-linux-x86_64-fedora-clang, r-devel-linux-x86_64-fedora-gcc, r-devel-windows-x86_64-new-UL, r-devel-windows-x86_64-new-TK, r-devel-windows-x86_64-old, r-patched-linux-x86_64, r-patched-solaris-x86, r-release-linux-x86_64, r-release-macos-arm64, r-release-macos-x86_64, r-release-windows-ix86+x86_64

Version: 0.1
Check: dependencies in R code
Result: NOTE
    Namespace in Imports field not imported from: ‘magrittr’
     All declared Imports should be used.
Flavors: r-devel-linux-x86_64-fedora-clang, r-devel-linux-x86_64-fedora-gcc, r-devel-windows-x86_64-new-TK, r-patched-solaris-x86, r-release-macos-arm64, r-release-macos-x86_64, r-oldrel-macos-x86_64