Last updated on 2024-04-23 22:55:33 CEST.
Flavor | Version | Tinstall | Tcheck | Ttotal | Status | Flags |
---|---|---|---|---|---|---|
r-devel-linux-x86_64-debian-clang | 0.1.2 | 6.65 | 80.31 | 86.96 | OK | |
r-devel-linux-x86_64-debian-gcc | 0.1.2 | 5.12 | 59.86 | 64.98 | OK | |
r-devel-linux-x86_64-fedora-clang | 0.1.2 | 104.15 | NOTE | |||
r-devel-linux-x86_64-fedora-gcc | 0.1.2 | 113.93 | OK | |||
r-prerel-macos-arm64 | 0.1.2 | 53.00 | NOTE | |||
r-prerel-windows-x86_64 | 0.1.2 | 10.00 | 106.00 | 116.00 | NOTE | |
r-patched-linux-x86_64 | 0.1.2 | 5.23 | 75.44 | 80.67 | OK | |
r-release-linux-x86_64 | 0.1.2 | 4.32 | 75.29 | 79.61 | OK | |
r-release-macos-arm64 | 0.1.2 | 56.00 | NOTE | |||
r-release-macos-x86_64 | 0.1.2 | 75.00 | NOTE | |||
r-release-windows-x86_64 | 0.1.2 | 12.00 | 120.00 | 132.00 | NOTE | |
r-oldrel-macos-arm64 | 0.1.2 | 41.00 | NOTE | |||
r-oldrel-windows-x86_64 | 0.1.2 | 12.00 | 105.00 | 117.00 | NOTE |
Version: 0.1.2
Check: installed package size
Result: NOTE
installed size is 11.6Mb
sub-directories of 1Mb or more:
doc 9.9Mb
Flavors: r-devel-linux-x86_64-fedora-clang, r-prerel-macos-arm64, r-prerel-windows-x86_64, r-release-macos-arm64, r-release-macos-x86_64, r-release-windows-x86_64, r-oldrel-macos-arm64, r-oldrel-windows-x86_64