CRAN Package Check Results for Package r3dmol

Last updated on 2024-07-16 22:48:43 CEST.

Flavor Version Tinstall Tcheck Ttotal Status Flags
r-devel-linux-x86_64-debian-clang 0.1.2 5.63 82.12 87.75 OK
r-devel-linux-x86_64-debian-gcc 0.1.2 4.87 63.18 68.05 OK
r-devel-linux-x86_64-fedora-clang 0.1.2 111.63 NOTE
r-devel-linux-x86_64-fedora-gcc 0.1.2 115.61 OK
r-devel-windows-x86_64 0.1.2 10.00 106.00 116.00 NOTE
r-patched-linux-x86_64 0.1.2 7.62 78.03 85.65 OK
r-release-linux-x86_64 0.1.2 6.39 78.68 85.07 OK
r-release-macos-arm64 0.1.2 53.00 NOTE
r-release-macos-x86_64 0.1.2 79.00 NOTE
r-release-windows-x86_64 0.1.2 10.00 113.00 123.00 NOTE
r-oldrel-macos-arm64 0.1.2 56.00 NOTE
r-oldrel-macos-x86_64 0.1.2 75.00 NOTE
r-oldrel-windows-x86_64 0.1.2 11.00 120.00 131.00 NOTE

Check Details

Version: 0.1.2
Check: installed package size
Result: NOTE installed size is 11.6Mb sub-directories of 1Mb or more: doc 9.9Mb Flavors: r-devel-linux-x86_64-fedora-clang, r-devel-windows-x86_64, r-release-macos-arm64, r-release-macos-x86_64, r-release-windows-x86_64, r-oldrel-macos-arm64, r-oldrel-macos-x86_64, r-oldrel-windows-x86_64