Last updated on 2023-09-25 22:12:48 CEST.
Flavor | Version | Tinstall | Tcheck | Ttotal | Status | Flags |
---|---|---|---|---|---|---|
r-devel-linux-x86_64-debian-clang | 0.1.2 | 6.30 | 76.00 | 82.30 | OK | |
r-devel-linux-x86_64-debian-gcc | 0.1.2 | 4.58 | 61.55 | 66.13 | OK | |
r-devel-linux-x86_64-fedora-clang | 0.1.2 | 100.39 | NOTE | |||
r-devel-linux-x86_64-fedora-gcc | 0.1.2 | 113.31 | OK | |||
r-devel-windows-x86_64 | 0.1.2 | 10.00 | 108.00 | 118.00 | NOTE | |
r-patched-linux-x86_64 | 0.1.2 | 6.55 | 73.83 | 80.38 | OK | |
r-release-linux-x86_64 | 0.1.2 | 4.00 | 75.22 | 79.22 | OK | |
r-release-macos-arm64 | 0.1.2 | 56.00 | NOTE | |||
r-release-macos-x86_64 | 0.1.2 | 75.00 | NOTE | |||
r-release-windows-x86_64 | 0.1.2 | 11.00 | 119.00 | 130.00 | NOTE | |
r-oldrel-macos-arm64 | 0.1.2 | 41.00 | NOTE | |||
r-oldrel-macos-x86_64 | 0.1.2 | 58.00 | NOTE | |||
r-oldrel-windows-x86_64 | 0.1.2 | 12.00 | 111.00 | 123.00 | NOTE |
Version: 0.1.2
Check: installed package size
Result: NOTE
installed size is 11.6Mb
sub-directories of 1Mb or more:
doc 9.9Mb
Flavors: r-devel-linux-x86_64-fedora-clang, r-devel-windows-x86_64, r-release-macos-arm64, r-release-macos-x86_64, r-release-windows-x86_64, r-oldrel-macos-arm64, r-oldrel-macos-x86_64, r-oldrel-windows-x86_64