CRAN Package Check Results for Package r6extended

Last updated on 2023-09-21 23:03:28 CEST.

Flavor Version Tinstall Tcheck Ttotal Status Flags
r-devel-linux-x86_64-debian-clang 0.1.2 3.11 22.62 25.73 NOTE
r-devel-linux-x86_64-debian-gcc 0.1.2 2.44 17.78 20.22 NOTE
r-devel-linux-x86_64-fedora-clang 0.1.2 31.83 NOTE
r-devel-linux-x86_64-fedora-gcc 0.1.2 30.78 NOTE
r-devel-windows-x86_64 0.1.2 4.00 39.00 43.00 NOTE
r-patched-linux-x86_64 0.1.2 5.42 22.09 27.51 NOTE
r-release-linux-x86_64 0.1.2 2.17 22.44 24.61 NOTE
r-release-macos-arm64 0.1.2 17.00 NOTE
r-release-macos-x86_64 0.1.2 22.00 NOTE
r-release-windows-x86_64 0.1.2 4.00 40.00 44.00 NOTE
r-oldrel-macos-arm64 0.1.2 15.00 NOTE
r-oldrel-macos-x86_64 0.1.2 22.00 NOTE
r-oldrel-windows-x86_64 0.1.2 5.00 44.00 49.00 NOTE

Check Details

Version: 0.1.2
Check: LazyData
Result: NOTE
     'LazyData' is specified without a 'data' directory
Flavors: r-devel-linux-x86_64-debian-clang, r-devel-linux-x86_64-debian-gcc, r-devel-linux-x86_64-fedora-clang, r-devel-linux-x86_64-fedora-gcc, r-devel-windows-x86_64, r-patched-linux-x86_64, r-release-linux-x86_64, r-release-macos-arm64, r-release-macos-x86_64, r-release-windows-x86_64, r-oldrel-macos-arm64, r-oldrel-macos-x86_64, r-oldrel-windows-x86_64