CRAN Package Check Results for Package rAmCharts

Last updated on 2021-12-03 22:57:51 CET.

Flavor Version Tinstall Tcheck Ttotal Status Flags
r-devel-linux-x86_64-debian-clang 2.1.13 17.83 122.12 139.95 OK
r-devel-linux-x86_64-debian-gcc 2.1.13 11.53 88.90 100.43 OK
r-devel-linux-x86_64-fedora-clang 2.1.13 160.32 NOTE
r-devel-linux-x86_64-fedora-gcc 2.1.13 146.04 OK
r-devel-windows-x86_64-new-UL 2.1.13 69.00 188.00 257.00 NOTE
r-devel-windows-x86_64-new-TK 2.1.13 OK
r-devel-windows-x86_64-old 2.1.13 29.00 114.00 143.00 NOTE
r-patched-linux-x86_64 2.1.13 18.13 107.64 125.77 OK
r-release-linux-x86_64 2.1.13 14.80 105.93 120.73 OK
r-release-macos-arm64 2.1.13 NOTE
r-release-macos-x86_64 2.1.13 NOTE
r-release-windows-ix86+x86_64 2.1.13 33.00 144.00 177.00 NOTE
r-oldrel-macos-x86_64 2.1.13 NOTE
r-oldrel-windows-ix86+x86_64 2.1.13 33.00 135.00 168.00 NOTE

Check Details

Version: 2.1.13
Check: installed package size
Result: NOTE
     installed size is 12.1Mb
     sub-directories of 1Mb or more:
     api 3.2Mb
     htmlwidgets 7.1Mb
Flavors: r-devel-linux-x86_64-fedora-clang, r-devel-windows-x86_64-new-UL, r-devel-windows-x86_64-old, r-release-macos-arm64, r-release-macos-x86_64, r-release-windows-ix86+x86_64, r-oldrel-macos-x86_64, r-oldrel-windows-ix86+x86_64