Last updated on 2023-09-22 23:05:08 CEST.
Flavor | Version | Tinstall | Tcheck | Ttotal | Status | Flags |
---|---|---|---|---|---|---|
r-devel-linux-x86_64-debian-clang | 2.1.15 | 18.80 | 263.19 | 281.99 | OK | |
r-devel-linux-x86_64-debian-gcc | 2.1.15 | 15.43 | 139.13 | 154.56 | OK | |
r-devel-linux-x86_64-fedora-clang | 2.1.15 | 284.88 | NOTE | |||
r-devel-linux-x86_64-fedora-gcc | 2.1.15 | 244.11 | OK | |||
r-devel-windows-x86_64 | 2.1.15 | 19.00 | 166.00 | 185.00 | NOTE | |
r-patched-linux-x86_64 | 2.1.15 | 23.01 | 178.13 | 201.14 | OK | |
r-release-linux-x86_64 | 2.1.15 | 18.66 | 180.15 | 198.81 | OK | |
r-release-macos-arm64 | 2.1.15 | 76.00 | NOTE | |||
r-release-macos-x86_64 | 2.1.15 | 116.00 | NOTE | |||
r-release-windows-x86_64 | 2.1.15 | 25.00 | 210.00 | 235.00 | NOTE | |
r-oldrel-macos-arm64 | 2.1.15 | 56.00 | NOTE | |||
r-oldrel-macos-x86_64 | 2.1.15 | 74.00 | NOTE | |||
r-oldrel-windows-x86_64 | 2.1.15 | 26.00 | 154.00 | 180.00 | NOTE |
Version: 2.1.15
Check: installed package size
Result: NOTE
installed size is 12.2Mb
sub-directories of 1Mb or more:
api 3.2Mb
htmlwidgets 7.2Mb
Flavors: r-devel-linux-x86_64-fedora-clang, r-devel-windows-x86_64, r-release-macos-arm64, r-release-macos-x86_64, r-release-windows-x86_64, r-oldrel-macos-arm64, r-oldrel-macos-x86_64, r-oldrel-windows-x86_64