Last updated on 2024-04-18 22:52:55 CEST.
Flavor | Version | Tinstall | Tcheck | Ttotal | Status | Flags |
---|---|---|---|---|---|---|
r-devel-linux-x86_64-debian-clang | 0.4.3 | 9.30 | 112.68 | 121.98 | NOTE | |
r-devel-linux-x86_64-debian-gcc | 0.4.3 | 9.85 | 82.70 | 92.55 | NOTE | |
r-devel-linux-x86_64-fedora-clang | 0.4.3 | 154.56 | NOTE | |||
r-devel-linux-x86_64-fedora-gcc | 0.4.3 | 148.34 | NOTE | |||
r-prerel-macos-arm64 | 0.4.3 | 43.00 | NOTE | |||
r-prerel-windows-x86_64 | 0.4.3 | 10.00 | 90.00 | 100.00 | NOTE | |
r-patched-linux-x86_64 | 0.4.3 | 12.03 | 105.01 | 117.04 | NOTE | |
r-release-linux-x86_64 | 0.4.3 | 11.90 | 109.97 | 121.87 | NOTE | |
r-release-macos-arm64 | 0.4.3 | 47.00 | NOTE | |||
r-release-macos-x86_64 | 0.4.3 | 70.00 | NOTE | |||
r-release-windows-x86_64 | 0.4.3 | 13.00 | 107.00 | 120.00 | NOTE | |
r-oldrel-macos-arm64 | 0.4.3 | 44.00 | NOTE | |||
r-oldrel-windows-x86_64 | 0.4.3 | 13.00 | 110.00 | 123.00 | NOTE |
Version: 0.4.3
Check: LazyData
Result: NOTE
'LazyData' is specified without a 'data' directory
Flavors: r-devel-linux-x86_64-debian-clang, r-devel-linux-x86_64-debian-gcc, r-devel-linux-x86_64-fedora-clang, r-devel-linux-x86_64-fedora-gcc, r-prerel-macos-arm64, r-prerel-windows-x86_64, r-patched-linux-x86_64, r-release-linux-x86_64, r-release-macos-arm64, r-release-macos-x86_64, r-release-windows-x86_64, r-oldrel-macos-arm64, r-oldrel-windows-x86_64