CRAN Package Check Results for Package rCBA

Last updated on 2021-06-19 22:56:41 CEST.

Flavor Version Tinstall Tcheck Ttotal Status Flags
r-devel-linux-x86_64-debian-clang 0.4.3 10.26 99.90 110.16 NOTE
r-devel-linux-x86_64-debian-gcc 0.4.3 9.11 77.26 86.37 NOTE
r-devel-linux-x86_64-fedora-clang 0.4.3 145.98 NOTE
r-devel-linux-x86_64-fedora-gcc 0.4.3 134.61 NOTE
r-devel-windows-x86_64 0.4.3 16.00 91.00 107.00 NOTE
r-devel-windows-x86_64-gcc10-UCRT 0.4.3 NOTE
r-patched-linux-x86_64 0.4.3 10.30 94.92 105.22 NOTE
r-release-linux-x86_64 0.4.3 10.06 95.39 105.45 NOTE
r-release-macos-arm64 0.4.3 ERROR
r-release-macos-x86_64 0.4.3 NOTE
r-release-windows-ix86+x86_64 0.4.3 24.00 120.00 144.00 NOTE
r-oldrel-macos-x86_64 0.4.3 OK
r-oldrel-windows-ix86+x86_64 0.4.3 19.00 123.00 142.00 OK

Check Details

Version: 0.4.3
Check: LazyData
Result: NOTE
     'LazyData' is specified without a 'data' directory
Flavors: r-devel-linux-x86_64-debian-clang, r-devel-linux-x86_64-debian-gcc, r-devel-linux-x86_64-fedora-clang, r-devel-linux-x86_64-fedora-gcc, r-devel-windows-x86_64, r-devel-windows-x86_64-gcc10-UCRT, r-patched-linux-x86_64, r-release-linux-x86_64, r-release-macos-x86_64, r-release-windows-ix86+x86_64

Version: 0.4.3
Check: whether package can be installed
Result: ERROR
    Installation failed.
Flavor: r-release-macos-arm64