CRAN Package Check Results for Package rCBA

Last updated on 2022-01-25 22:57:07 CET.

Flavor Version Tinstall Tcheck Ttotal Status Flags
r-devel-linux-x86_64-debian-clang 0.4.3 12.15 114.80 126.95 NOTE
r-devel-linux-x86_64-debian-gcc 0.4.3 10.81 88.27 99.08 NOTE
r-devel-linux-x86_64-fedora-clang 0.4.3 143.56 NOTE
r-devel-linux-x86_64-fedora-gcc 0.4.3 143.44 NOTE
r-devel-windows-x86_64-new-UL 0.4.3 221.00 126.00 347.00 NOTE
r-devel-windows-x86_64-new-TK 0.4.3 NOTE
r-patched-linux-x86_64 0.4.3 9.75 102.77 112.52 NOTE
r-release-linux-x86_64 0.4.3 9.61 103.79 113.40 NOTE
r-release-macos-arm64 0.4.3 NOTE
r-release-macos-x86_64 0.4.3 NOTE
r-release-windows-ix86+x86_64 0.4.3 23.00 116.00 139.00 NOTE
r-oldrel-macos-x86_64 0.4.3 OK
r-oldrel-windows-ix86+x86_64 0.4.3 24.00 120.00 144.00 OK

Check Details

Version: 0.4.3
Check: LazyData
Result: NOTE
     'LazyData' is specified without a 'data' directory
Flavors: r-devel-linux-x86_64-debian-clang, r-devel-linux-x86_64-debian-gcc, r-devel-linux-x86_64-fedora-clang, r-devel-linux-x86_64-fedora-gcc, r-devel-windows-x86_64-new-UL, r-devel-windows-x86_64-new-TK, r-patched-linux-x86_64, r-release-linux-x86_64, r-release-macos-arm64, r-release-macos-x86_64, r-release-windows-ix86+x86_64