Last updated on 2024-04-18 22:52:55 CEST.
Flavor | Version | Tinstall | Tcheck | Ttotal | Status | Flags |
---|---|---|---|---|---|---|
r-devel-linux-x86_64-debian-clang | 1.2.0 | 18.11 | 146.14 | 164.25 | NOTE | |
r-devel-linux-x86_64-debian-gcc | 1.2.0 | 15.50 | 105.19 | 120.69 | NOTE | |
r-devel-linux-x86_64-fedora-clang | 1.2.0 | 202.72 | NOTE | |||
r-devel-linux-x86_64-fedora-gcc | 1.2.0 | 189.94 | NOTE | |||
r-prerel-macos-arm64 | 1.2.0 | 55.00 | NOTE | |||
r-prerel-windows-x86_64 | 1.2.0 | 17.00 | 670.00 | 687.00 | NOTE | |
r-patched-linux-x86_64 | 1.2.0 | 12.67 | 139.19 | 151.86 | NOTE | |
r-release-linux-x86_64 | 1.2.0 | 12.48 | 139.41 | 151.89 | OK | |
r-release-macos-arm64 | 1.2.0 | 55.00 | OK | |||
r-release-macos-x86_64 | 1.2.0 | 136.00 | OK | |||
r-release-windows-x86_64 | 1.2.0 | 22.00 | 309.00 | 331.00 | OK | |
r-oldrel-macos-arm64 | 1.2.0 | 58.00 | OK | |||
r-oldrel-windows-x86_64 | 1.2.0 | 23.00 | 471.00 | 494.00 | OK |
Version: 1.2.0
Check: Rd files
Result: NOTE
checkRd: (-1) hetTgen.Rd:16: Lost braces; missing escapes or markup?
16 | \item{info.type}{character. \code{AD}: allele depth value, {AD-tot}:total
| ^
Flavors: r-devel-linux-x86_64-debian-clang, r-devel-linux-x86_64-debian-gcc, r-devel-linux-x86_64-fedora-clang, r-devel-linux-x86_64-fedora-gcc, r-prerel-macos-arm64, r-prerel-windows-x86_64, r-patched-linux-x86_64