CRAN Package Check Results for Package rCRM

Last updated on 2021-07-31 22:53:45 CEST.

Flavor Version Tinstall Tcheck Ttotal Status Flags
r-devel-linux-x86_64-debian-clang 0.1.1 29.65 27.39 57.04 NOTE
r-devel-linux-x86_64-debian-gcc 0.1.1 21.08 22.12 43.20 NOTE
r-devel-linux-x86_64-fedora-clang 0.1.1 86.33 NOTE
r-devel-linux-x86_64-fedora-gcc 0.1.1 71.18 NOTE
r-devel-windows-x86_64 0.1.1 27.00 56.00 83.00 NOTE
r-devel-windows-x86_64-gcc10-UCRT 0.1.1 NOTE
r-patched-linux-x86_64 0.1.1 NOTE
r-patched-solaris-x86 0.1.1 83.80 NOTE
r-release-linux-x86_64 0.1.1 24.68 27.44 52.12 NOTE
r-release-macos-arm64 0.1.1 NOTE
r-release-macos-x86_64 0.1.1 NOTE
r-release-windows-ix86+x86_64 0.1.1 67.00 59.00 126.00 NOTE
r-oldrel-macos-x86_64 0.1.1 OK
r-oldrel-windows-ix86+x86_64 0.1.1 49.00 69.00 118.00 OK

Check Details

Version: 0.1.1
Check: LazyData
Result: NOTE
     'LazyData' is specified without a 'data' directory
Flavors: r-devel-linux-x86_64-debian-clang, r-devel-linux-x86_64-debian-gcc, r-devel-linux-x86_64-fedora-clang, r-devel-linux-x86_64-fedora-gcc, r-devel-windows-x86_64, r-devel-windows-x86_64-gcc10-UCRT, r-patched-linux-x86_64, r-patched-solaris-x86, r-release-linux-x86_64, r-release-macos-arm64, r-release-macos-x86_64, r-release-windows-ix86+x86_64