Last updated on 2023-10-02 22:08:09 CEST.
Flavor | Version | Tinstall | Tcheck | Ttotal | Status | Flags |
---|---|---|---|---|---|---|
r-devel-linux-x86_64-debian-clang | 0.1.1 | 33.81 | 28.49 | 62.30 | NOTE | |
r-devel-linux-x86_64-debian-gcc | 0.1.1 | 22.75 | 22.97 | 45.72 | NOTE | |
r-devel-linux-x86_64-fedora-clang | 0.1.1 | 84.27 | NOTE | |||
r-devel-linux-x86_64-fedora-gcc | 0.1.1 | 85.01 | NOTE | |||
r-devel-windows-x86_64 | 0.1.1 | 27.00 | 70.00 | 97.00 | NOTE | |
r-patched-linux-x86_64 | 0.1.1 | 32.03 | 28.23 | 60.26 | NOTE | |
r-release-linux-x86_64 | 0.1.1 | 31.21 | 28.85 | 60.06 | NOTE | |
r-release-macos-arm64 | 0.1.1 | 30.00 | NOTE | |||
r-release-macos-x86_64 | 0.1.1 | 44.00 | NOTE | |||
r-release-windows-x86_64 | 0.1.1 | 31.00 | 73.00 | 104.00 | NOTE | |
r-oldrel-macos-arm64 | 0.1.1 | 26.00 | NOTE | |||
r-oldrel-macos-x86_64 | 0.1.1 | 34.00 | NOTE | |||
r-oldrel-windows-x86_64 | 0.1.1 | 29.00 | 71.00 | 100.00 | NOTE |
Version: 0.1.1
Check: LazyData
Result: NOTE
'LazyData' is specified without a 'data' directory
Flavors: r-devel-linux-x86_64-debian-clang, r-devel-linux-x86_64-debian-gcc, r-devel-linux-x86_64-fedora-clang, r-devel-linux-x86_64-fedora-gcc, r-devel-windows-x86_64, r-patched-linux-x86_64, r-release-linux-x86_64, r-release-macos-arm64, r-release-macos-x86_64, r-release-windows-x86_64, r-oldrel-macos-arm64, r-oldrel-macos-x86_64, r-oldrel-windows-x86_64