CRAN Package Check Results for Package rEDM

Last updated on 2021-06-15 01:50:35 CEST.

Flavor Version Tinstall Tcheck Ttotal Status Flags
r-devel-linux-x86_64-debian-clang 1.8.2 187.49 85.45 272.94 OK
r-devel-linux-x86_64-debian-gcc 1.8.2 139.22 69.20 208.42 OK
r-devel-linux-x86_64-fedora-clang 1.8.2 397.19 NOTE
r-devel-linux-x86_64-fedora-gcc 1.8.2 381.86 OK
r-devel-windows-x86_64 1.8.2 209.00 217.00 426.00 OK
r-devel-windows-x86_64-gcc10-UCRT 1.8.2 OK
r-patched-linux-x86_64 1.8.2 156.78 83.91 240.69 OK
r-patched-solaris-x86 1.8.2 646.80 OK
r-release-linux-x86_64 1.8.2 167.34 83.79 251.13 OK
r-release-macos-arm64 1.8.2 NOTE
r-release-macos-x86_64 1.8.2 NOTE
r-release-windows-ix86+x86_64 1.8.2 388.00 258.00 646.00 NOTE
r-oldrel-macos-x86_64 1.8.2 NOTE
r-oldrel-windows-ix86+x86_64 1.8.2 305.00 261.00 566.00 NOTE

Check Details

Version: 1.8.2
Check: installed package size
Result: NOTE
     installed size is 12.2Mb
     sub-directories of 1Mb or more:
     libs 11.0Mb
Flavors: r-devel-linux-x86_64-fedora-clang, r-release-macos-arm64, r-release-macos-x86_64, r-release-windows-ix86+x86_64, r-oldrel-macos-x86_64, r-oldrel-windows-ix86+x86_64