CRAN Package Check Results for Package rEMM

Last updated on 2019-12-09 22:51:23 CET.

Flavor Version Tinstall Tcheck Ttotal Status Flags
r-devel-linux-x86_64-debian-clang 1.0-11 7.33 86.80 94.13 OK
r-devel-linux-x86_64-debian-gcc 1.0-11 5.02 68.42 73.44 OK
r-devel-linux-x86_64-fedora-clang 1.0-11 112.52 NOTE
r-devel-linux-x86_64-fedora-gcc 1.0-11 109.69 NOTE
r-devel-windows-ix86+x86_64 1.0-11 14.00 145.00 159.00 OK
r-devel-windows-ix86+x86_64-gcc8 1.0-11 13.00 156.00 169.00 OK
r-patched-linux-x86_64 1.0-11 4.42 80.58 85.00 OK
r-patched-solaris-x86 1.0-11 116.60 OK
r-release-linux-x86_64 1.0-11 4.70 81.21 85.91 OK
r-release-windows-ix86+x86_64 1.0-11 14.00 102.00 116.00 OK
r-release-osx-x86_64 1.0-11 NOTE
r-oldrel-windows-ix86+x86_64 1.0-11 9.00 95.00 104.00 OK
r-oldrel-osx-x86_64 1.0-11 OK

Check Details

Version: 1.0-11
Check: compiled code
Result: NOTE
    File ‘rEMM/libs/rEMM.so’:
     Found no calls to: ‘R_registerRoutines’, ‘R_useDynamicSymbols’
    
    It is good practice to register native routines and to disable symbol
    search.
    
    See ‘Writing portable packages’ in the ‘Writing R Extensions’ manual.
Flavors: r-devel-linux-x86_64-fedora-clang, r-devel-linux-x86_64-fedora-gcc

Version: 1.0-11
Check: package dependencies
Result: NOTE
    Packages suggested but not available for checking: 'graph', 'Rgraphviz'
Flavor: r-release-osx-x86_64