CRAN Package Check Results for Package rEMM

Last updated on 2019-08-22 22:47:04 CEST.

Flavor Version Tinstall Tcheck Ttotal Status Flags
r-devel-linux-x86_64-debian-clang 1.0-11 6.30 81.00 87.30 OK
r-devel-linux-x86_64-debian-gcc 1.0-11 4.97 63.71 68.68 OK
r-devel-linux-x86_64-fedora-clang 1.0-11 102.87 NOTE
r-devel-linux-x86_64-fedora-gcc 1.0-11 102.20 NOTE
r-devel-windows-ix86+x86_64 1.0-11 19.00 0.00 19.00 FAIL
r-patched-linux-x86_64 1.0-11 6.24 79.29 85.53 OK
r-patched-solaris-x86 1.0-11 127.40 OK
r-release-linux-x86_64 1.0-11 5.75 79.00 84.75 OK
r-release-windows-ix86+x86_64 1.0-11 17.00 132.00 149.00 OK
r-release-osx-x86_64 1.0-11 NOTE
r-oldrel-windows-ix86+x86_64 1.0-11 16.00 133.00 149.00 OK
r-oldrel-osx-x86_64 1.0-11 OK

Check Details

Version: 1.0-11
Check: compiled code
Result: NOTE
    File ‘rEMM/libs/rEMM.so’:
     Found no calls to: ‘R_registerRoutines’, ‘R_useDynamicSymbols’
    
    It is good practice to register native routines and to disable symbol
    search.
    
    See ‘Writing portable packages’ in the ‘Writing R Extensions’ manual.
Flavors: r-devel-linux-x86_64-fedora-clang, r-devel-linux-x86_64-fedora-gcc

Version: 1.0-11
Check: package dependencies
Result: FAIL
    Check process probably crashed or hung up for 20 minutes ... killed
    Most likely this happened in the example checks (?),
    if not, ignore the following last lines of example output:
    
    ======== End of example output (where/before crash/hang up occured ?) ========
Flavor: r-devel-windows-ix86+x86_64

Version: 1.0-11
Check: package dependencies
Result: NOTE
    Packages suggested but not available for checking: 'graph', 'Rgraphviz'
Flavor: r-release-osx-x86_64