CRAN Package Check Results for Package rJST

Last updated on 2019-09-22 22:46:57 CEST.

Flavor Version Tinstall Tcheck Ttotal Status Flags
r-devel-linux-x86_64-debian-clang 1.0 56.37 91.66 148.03 OK
r-devel-linux-x86_64-debian-gcc 1.0 47.36 62.74 110.10 OK
r-devel-linux-x86_64-fedora-clang 1.0 210.22 NOTE
r-devel-linux-x86_64-fedora-gcc 1.0 207.80 NOTE
r-devel-windows-ix86+x86_64 1.0 176.00 172.00 348.00 OK
r-patched-linux-x86_64 1.0 50.81 93.29 144.10 OK
r-patched-solaris-x86 1.0 224.10 NOTE
r-release-linux-x86_64 1.0 52.65 91.73 144.38 OK
r-release-windows-ix86+x86_64 1.0 147.00 164.00 311.00 OK
r-release-osx-x86_64 1.0 NOTE
r-oldrel-windows-ix86+x86_64 1.0 105.00 135.00 240.00 OK
r-oldrel-osx-x86_64 1.0 NOTE

Check Details

Version: 1.0
Check: dependencies in R code
Result: NOTE
    Namespaces in Imports field not imported from:
     ‘Rcpp’ ‘RcppProgress’ ‘magrittr’
     All declared Imports should be used.
Flavors: r-devel-linux-x86_64-fedora-clang, r-devel-linux-x86_64-fedora-gcc, r-patched-solaris-x86, r-release-osx-x86_64, r-oldrel-osx-x86_64