CRAN Package Check Results for Package rJST

Last updated on 2020-02-21 22:51:20 CET.

Flavor Version Tinstall Tcheck Ttotal Status Flags
r-devel-linux-x86_64-debian-clang 1.3 67.12 111.98 179.10 OK
r-devel-linux-x86_64-debian-gcc 1.3 45.03 76.57 121.60 OK
r-devel-linux-x86_64-fedora-clang 1.3 232.99 NOTE
r-devel-linux-x86_64-fedora-gcc 1.3 226.22 NOTE
r-devel-windows-ix86+x86_64 1.3 112.00 180.00 292.00 OK
r-devel-windows-ix86+x86_64-gcc8 1.3 154.00 209.00 363.00 OK
r-patched-linux-x86_64 1.3 OK
r-patched-solaris-x86 1.3 255.20 NOTE
r-release-linux-x86_64 1.3 58.55 107.93 166.48 OK
r-release-windows-ix86+x86_64 1.3 121.00 172.00 293.00 OK
r-release-osx-x86_64 1.3 NOTE
r-oldrel-windows-ix86+x86_64 1.3 112.00 168.00 280.00 OK
r-oldrel-osx-x86_64 1.3 NOTE

Check Details

Version: 1.3
Check: dependencies in R code
Result: NOTE
    Namespaces in Imports field not imported from:
     ‘Rcpp’ ‘RcppProgress’ ‘magrittr’
     All declared Imports should be used.
Flavors: r-devel-linux-x86_64-fedora-clang, r-devel-linux-x86_64-fedora-gcc, r-patched-solaris-x86, r-release-osx-x86_64, r-oldrel-osx-x86_64