CRAN Package Check Results for Package rJava

Last updated on 2021-12-04 22:59:45 CET.

Flavor Version Tinstall Tcheck Ttotal Status Flags
r-devel-linux-x86_64-debian-clang 1.0-5 35.89 60.25 96.14 WARN
r-devel-linux-x86_64-debian-gcc 1.0-5 26.64 47.08 73.72 WARN
r-devel-linux-x86_64-fedora-clang 1.0-5 90.62 WARN
r-devel-linux-x86_64-fedora-gcc 1.0-5 82.54 WARN
r-devel-windows-x86_64-new-UL 1.0-5 72.00 99.00 171.00 NOTE
r-devel-windows-x86_64-new-TK 1.0-5 NOTE
r-devel-windows-x86_64-old 1.0-5 38.00 54.00 92.00 NOTE
r-patched-linux-x86_64 1.0-5 33.97 50.99 84.96 WARN
r-release-linux-x86_64 1.0-5 33.81 51.09 84.90 WARN
r-release-macos-arm64 1.0-5 NOTE
r-release-macos-x86_64 1.0-5 NOTE
r-release-windows-ix86+x86_64 1.0-5 62.00 80.00 142.00 NOTE
r-oldrel-macos-x86_64 1.0-5 NOTE
r-oldrel-windows-ix86+x86_64 1.0-5 49.00 62.00 111.00 NOTE

Check Details

Version: 1.0-5
Check: top-level files
Result: WARN
     Output from running autoreconf:
     configure.ac:68: warning: The macro `AC_HEADER_STDC' is obsolete.
     configure.ac:68: You should run autoupdate.
     ./lib/autoconf/headers.m4:704: AC_HEADER_STDC is expanded from...
     configure.ac:68: the top level
     configure.ac:4: warning: The macro `AC_CONFIG_HEADER' is obsolete.
     configure.ac:4: You should run autoupdate.
     ./lib/autoconf/status.m4:719: AC_CONFIG_HEADER is expanded from...
     configure.ac:4: the top level
     configure.ac:26: warning: The macro `AC_HELP_STRING' is obsolete.
     configure.ac:26: You should run autoupdate.
     ./lib/autoconf/general.m4:204: AC_HELP_STRING is expanded from...
     ./lib/autoconf/general.m4:1534: AC_ARG_ENABLE is expanded from...
     configure.ac:26: the top level
     configure.ac:36: warning: The macro `AC_HELP_STRING' is obsolete.
     configure.ac:36: You should run autoupdate.
     ./lib/autoconf/general.m4:204: AC_HELP_STRING is expanded from...
     ./lib/autoconf/general.m4:1534: AC_ARG_ENABLE is expanded from...
     configure.ac:36: the top level
     configure.ac:49: warning: The macro `AC_HELP_STRING' is obsolete.
     configure.ac:49: You should run autoupdate.
     ./lib/autoconf/general.m4:204: AC_HELP_STRING is expanded from...
     ./lib/autoconf/general.m4:1534: AC_ARG_ENABLE is expanded from...
     configure.ac:49: the top level
     configure.ac:57: warning: The macro `AC_HELP_STRING' is obsolete.
     configure.ac:57: You should run autoupdate.
     ./lib/autoconf/general.m4:204: AC_HELP_STRING is expanded from...
     ./lib/autoconf/general.m4:1534: AC_ARG_ENABLE is expanded from...
     configure.ac:57: the top level
     configure.ac:64: warning: The macro `AC_HELP_STRING' is obsolete.
     configure.ac:64: You should run autoupdate.
     ./lib/autoconf/general.m4:204: AC_HELP_STRING is expanded from...
     ./lib/autoconf/general.m4:1534: AC_ARG_ENABLE is expanded from...
     configure.ac:64: the top level
     configure.ac:71: warning: The macro `AC_HELP_STRING' is obsolete.
     configure.ac:71: You should run autoupdate.
     ./lib/autoconf/general.m4:204: AC_HELP_STRING is expanded from...
     ./lib/autoconf/general.m4:1534: AC_ARG_ENABLE is expanded from...
     configure.ac:71: the top level
     configure.ac:78: warning: The macro `AC_HELP_STRING' is obsolete.
     configure.ac:78: You should run autoupdate.
     ./lib/autoconf/general.m4:204: AC_HELP_STRING is expanded from...
     ./lib/autoconf/general.m4:1534: AC_ARG_ENABLE is expanded from...
     configure.ac:78: the top level
     configure.ac:85: warning: The macro `AC_HELP_STRING' is obsolete.
     configure.ac:85: You should run autoupdate.
     ./lib/autoconf/general.m4:204: AC_HELP_STRING is expanded from...
     ./lib/autoconf/general.m4:1534: AC_ARG_ENABLE is expanded from...
     configure.ac:85: the top level
     configure.ac:92: warning: The macro `AC_HELP_STRING' is obsolete.
     configure.ac:92: You should run autoupdate.
     ./lib/autoconf/general.m4:204: AC_HELP_STRING is expanded from...
     ./lib/autoconf/general.m4:1534: AC_ARG_ENABLE is expanded from...
     configure.ac:92: the top level
     configure.ac:106: warning: The macro `AC_HEADER_STDC' is obsolete.
     configure.ac:106: You should run autoupdate.
     ./lib/autoconf/headers.m4:704: AC_HEADER_STDC is expanded from...
     configure.ac:106: the top level
     configure.ac:112: warning: The macro `AC_HEADER_TIME' is obsolete.
     configure.ac:112: You should run autoupdate.
     ./lib/autoconf/headers.m4:743: AC_HEADER_TIME is expanded from...
     configure.ac:112: the top level
     configure.ac:114: warning: The macro `AC_CHECKING' is obsolete.
     configure.ac:114: You should run autoupdate.
     ./lib/autoconf/general.m4:2499: AC_CHECKING is expanded from...
     configure.ac:114: the top level
    Non-standard file/directory found at top level:
     'jri'
Flavors: r-devel-linux-x86_64-debian-clang, r-devel-linux-x86_64-debian-gcc, r-patched-linux-x86_64, r-release-linux-x86_64

Version: 1.0-5
Check: R code for possible problems
Result: NOTE
    Found the following possibly unsafe calls:
    File 'rJava/R/import.R':
     unlockBinding(IMPORTER, env = env)
     assignInNamespace(IMPORTER, importer, envir = env)
    File 'rJava/R/jinit.R':
     unlockBinding(x, .env)
     unlockBinding(x, pe)
Flavors: r-devel-linux-x86_64-debian-clang, r-devel-linux-x86_64-debian-gcc, r-devel-linux-x86_64-fedora-clang, r-devel-linux-x86_64-fedora-gcc, r-devel-windows-x86_64-new-UL, r-devel-windows-x86_64-new-TK, r-devel-windows-x86_64-old, r-patched-linux-x86_64, r-release-linux-x86_64, r-release-macos-arm64, r-release-macos-x86_64, r-release-windows-ix86+x86_64, r-oldrel-macos-x86_64, r-oldrel-windows-ix86+x86_64

Version: 1.0-5
Check: for GNU extensions in Makefiles
Result: NOTE
    GNU make is a SystemRequirements.
Flavors: r-devel-linux-x86_64-debian-clang, r-devel-linux-x86_64-debian-gcc, r-devel-linux-x86_64-fedora-clang, r-devel-linux-x86_64-fedora-gcc, r-devel-windows-x86_64-new-UL, r-devel-windows-x86_64-new-TK, r-devel-windows-x86_64-old, r-patched-linux-x86_64, r-release-linux-x86_64, r-release-macos-arm64, r-release-macos-x86_64, r-release-windows-ix86+x86_64, r-oldrel-macos-x86_64, r-oldrel-windows-ix86+x86_64

Version: 1.0-5
Check: include directives in Makefiles
Result: NOTE
    Found the following Makefile(s) with an include directive with a pathname using R_HOME:
     jri/src/Makefile.win
     jri/src/win32/Makefile
     src/jvm-w32/Makefile
    Even though not recommended, variable R_HOME may contain spaces.
    Makefile directives use space as a separator and there is no portable
    way to quote/escape the space in Make rules and directives. However,
    one can and should quote pathnames when passed from Makefile to the
    shell, and this can be done specifically when invoking Make recursively.
    It is therefore recommended to use the Make '-f' option to include files
    in directories specified using R_HOME. This option can be specified
    multiple times to include multiple Makefiles. Note that 'Makeconf' is
    included automatically into top-level makefile of a package.
    More information can be found in 'Writing R Extensions'.
Flavors: r-devel-linux-x86_64-debian-clang, r-devel-linux-x86_64-debian-gcc, r-devel-linux-x86_64-fedora-clang, r-devel-linux-x86_64-fedora-gcc, r-devel-windows-x86_64-new-UL, r-devel-windows-x86_64-old, r-patched-linux-x86_64, r-release-linux-x86_64, r-release-macos-arm64, r-release-macos-x86_64, r-release-windows-ix86+x86_64, r-oldrel-macos-x86_64, r-oldrel-windows-ix86+x86_64

Version: 1.0-5
Check: compiled code
Result: NOTE
    Note: information on .o files is not available
    File '/home/hornik/tmp/R.check/r-devel-clang/Work/build/Packages/rJava/libs/rJava.so':
     Found '_exit', possibly from '_exit' (C)
     Found 'stderr', possibly from 'stderr' (C)
     Found 'stdout', possibly from 'stdout' (C)
    File 'rJava/libs/rJava.so':
     Found non-API calls to R: 'R_CStackLimit', 'R_CStackStart'
    
    Compiled code should not call entry points which might terminate R nor
    write to stdout/stderr instead of to the console, nor use Fortran I/O
    nor system RNGs. The detected symbols are linked into the code but
    might come from libraries and not actually be called.
    Compiled code should not call non-API entry points in R.
    
    See 'Writing portable packages' in the 'Writing R Extensions' manual.
Flavor: r-devel-linux-x86_64-debian-clang

Version: 1.0-5
Check: compiled code
Result: NOTE
    Note: information on .o files is not available
    File ‘/home/hornik/tmp/R.check/r-devel-gcc/Work/build/Packages/rJava/libs/rJava.so’:
     Found ‘_exit’, possibly from ‘_exit’ (C)
     Found ‘stderr’, possibly from ‘stderr’ (C)
     Found ‘stdout’, possibly from ‘stdout’ (C)
    File ‘rJava/libs/rJava.so’:
     Found non-API calls to R: ‘R_CStackLimit’, ‘R_CStackStart’
    
    Compiled code should not call entry points which might terminate R nor
    write to stdout/stderr instead of to the console, nor use Fortran I/O
    nor system RNGs. The detected symbols are linked into the code but
    might come from libraries and not actually be called.
    Compiled code should not call non-API entry points in R.
    
    See ‘Writing portable packages’ in the ‘Writing R Extensions’ manual.
Flavor: r-devel-linux-x86_64-debian-gcc

Version: 1.0-5
Check: top-level files
Result: WARN
     Output from running autoreconf:
     configure.ac:4: warning: The macro `AC_CONFIG_HEADER' is obsolete.
     configure.ac:4: You should run autoupdate.
     ./lib/autoconf/status.m4:719: AC_CONFIG_HEADER is expanded from...
     configure.ac:4: the top level
     configure.ac:26: warning: The macro `AC_HELP_STRING' is obsolete.
     configure.ac:26: You should run autoupdate.
     ./lib/autoconf/general.m4:204: AC_HELP_STRING is expanded from...
     ./lib/autoconf/general.m4:1534: AC_ARG_ENABLE is expanded from...
     configure.ac:26: the top level
     configure.ac:36: warning: The macro `AC_HELP_STRING' is obsolete.
     configure.ac:36: You should run autoupdate.
     ./lib/autoconf/general.m4:204: AC_HELP_STRING is expanded from...
     ./lib/autoconf/general.m4:1534: AC_ARG_ENABLE is expanded from...
     configure.ac:36: the top level
     configure.ac:49: warning: The macro `AC_HELP_STRING' is obsolete.
     configure.ac:49: You should run autoupdate.
     ./lib/autoconf/general.m4:204: AC_HELP_STRING is expanded from...
     ./lib/autoconf/general.m4:1534: AC_ARG_ENABLE is expanded from...
     configure.ac:49: the top level
     configure.ac:57: warning: The macro `AC_HELP_STRING' is obsolete.
     configure.ac:57: You should run autoupdate.
     ./lib/autoconf/general.m4:204: AC_HELP_STRING is expanded from...
     ./lib/autoconf/general.m4:1534: AC_ARG_ENABLE is expanded from...
     configure.ac:57: the top level
     configure.ac:64: warning: The macro `AC_HELP_STRING' is obsolete.
     configure.ac:64: You should run autoupdate.
     ./lib/autoconf/general.m4:204: AC_HELP_STRING is expanded from...
     ./lib/autoconf/general.m4:1534: AC_ARG_ENABLE is expanded from...
     configure.ac:64: the top level
     configure.ac:71: warning: The macro `AC_HELP_STRING' is obsolete.
     configure.ac:71: You should run autoupdate.
     ./lib/autoconf/general.m4:204: AC_HELP_STRING is expanded from...
     ./lib/autoconf/general.m4:1534: AC_ARG_ENABLE is expanded from...
     configure.ac:71: the top level
     configure.ac:78: warning: The macro `AC_HELP_STRING' is obsolete.
     configure.ac:78: You should run autoupdate.
     ./lib/autoconf/general.m4:204: AC_HELP_STRING is expanded from...
     ./lib/autoconf/general.m4:1534: AC_ARG_ENABLE is expanded from...
     configure.ac:78: the top level
     configure.ac:85: warning: The macro `AC_HELP_STRING' is obsolete.
     configure.ac:85: You should run autoupdate.
     ./lib/autoconf/general.m4:204: AC_HELP_STRING is expanded from...
     ./lib/autoconf/general.m4:1534: AC_ARG_ENABLE is expanded from...
     configure.ac:85: the top level
     configure.ac:92: warning: The macro `AC_HELP_STRING' is obsolete.
     configure.ac:92: You should run autoupdate.
     ./lib/autoconf/general.m4:204: AC_HELP_STRING is expanded from...
     ./lib/autoconf/general.m4:1534: AC_ARG_ENABLE is expanded from...
     configure.ac:92: the top level
     configure.ac:106: warning: The macro `AC_HEADER_STDC' is obsolete.
     configure.ac:106: You should run autoupdate.
     ./lib/autoconf/headers.m4:704: AC_HEADER_STDC is expanded from...
     configure.ac:106: the top level
     configure.ac:112: warning: The macro `AC_HEADER_TIME' is obsolete.
     configure.ac:112: You should run autoupdate.
     ./lib/autoconf/headers.m4:743: AC_HEADER_TIME is expanded from...
     configure.ac:112: the top level
     configure.ac:114: warning: The macro `AC_CHECKING' is obsolete.
     configure.ac:114: You should run autoupdate.
     ./lib/autoconf/general.m4:2499: AC_CHECKING is expanded from...
     configure.ac:114: the top level
     configure.ac:68: warning: The macro `AC_HEADER_STDC' is obsolete.
     configure.ac:68: You should run autoupdate.
     ./lib/autoconf/headers.m4:704: AC_HEADER_STDC is expanded from...
     configure.ac:68: the top level
     configure.ac:68: warning: The macro `AC_HEADER_STDC' is obsolete.
     configure.ac:68: You should run autoupdate.
     ./lib/autoconf/headers.m4:704: AC_HEADER_STDC is expanded from...
     configure.ac:68: the top level
     configure.ac:4: warning: The macro `AC_CONFIG_HEADER' is obsolete.
     configure.ac:4: You should run autoupdate.
     ./lib/autoconf/status.m4:719: AC_CONFIG_HEADER is expanded from...
     configure.ac:4: the top level
     configure.ac:26: warning: The macro `AC_HELP_STRING' is obsolete.
     configure.ac:26: You should run autoupdate.
     ./lib/autoconf/general.m4:204: AC_HELP_STRING is expanded from...
     ./lib/autoconf/general.m4:1534: AC_ARG_ENABLE is expanded from...
     configure.ac:26: the top level
     configure.ac:36: warning: The macro `AC_HELP_STRING' is obsolete.
     configure.ac:36: You should run autoupdate.
     ./lib/autoconf/general.m4:204: AC_HELP_STRING is expanded from...
     ./lib/autoconf/general.m4:1534: AC_ARG_ENABLE is expanded from...
     configure.ac:36: the top level
     configure.ac:49: warning: The macro `AC_HELP_STRING' is obsolete.
     configure.ac:49: You should run autoupdate.
     ./lib/autoconf/general.m4:204: AC_HELP_STRING is expanded from...
     ./lib/autoconf/general.m4:1534: AC_ARG_ENABLE is expanded from...
     configure.ac:49: the top level
     configure.ac:57: warning: The macro `AC_HELP_STRING' is obsolete.
     configure.ac:57: You should run autoupdate.
     ./lib/autoconf/general.m4:204: AC_HELP_STRING is expanded from...
     ./lib/autoconf/general.m4:1534: AC_ARG_ENABLE is expanded from...
     configure.ac:57: the top level
     configure.ac:64: warning: The macro `AC_HELP_STRING' is obsolete.
     configure.ac:64: You should run autoupdate.
     ./lib/autoconf/general.m4:204: AC_HELP_STRING is expanded from...
     ./lib/autoconf/general.m4:1534: AC_ARG_ENABLE is expanded from...
     configure.ac:64: the top level
     configure.ac:71: warning: The macro `AC_HELP_STRING' is obsolete.
     configure.ac:71: You should run autoupdate.
     ./lib/autoconf/general.m4:204: AC_HELP_STRING is expanded from...
     ./lib/autoconf/general.m4:1534: AC_ARG_ENABLE is expanded from...
     configure.ac:71: the top level
     configure.ac:78: warning: The macro `AC_HELP_STRING' is obsolete.
     configure.ac:78: You should run autoupdate.
     ./lib/autoconf/general.m4:204: AC_HELP_STRING is expanded from...
     ./lib/autoconf/general.m4:1534: AC_ARG_ENABLE is expanded from...
     configure.ac:78: the top level
     configure.ac:85: warning: The macro `AC_HELP_STRING' is obsolete.
     configure.ac:85: You should run autoupdate.
     ./lib/autoconf/general.m4:204: AC_HELP_STRING is expanded from...
     ./lib/autoconf/general.m4:1534: AC_ARG_ENABLE is expanded from...
     configure.ac:85: the top level
     configure.ac:92: warning: The macro `AC_HELP_STRING' is obsolete.
     configure.ac:92: You should run autoupdate.
     ./lib/autoconf/general.m4:204: AC_HELP_STRING is expanded from...
     ./lib/autoconf/general.m4:1534: AC_ARG_ENABLE is expanded from...
     configure.ac:92: the top level
     configure.ac:106: warning: The macro `AC_HEADER_STDC' is obsolete.
     configure.ac:106: You should run autoupdate.
     ./lib/autoconf/headers.m4:704: AC_HEADER_STDC is expanded from...
     configure.ac:106: the top level
     configure.ac:112: warning: The macro `AC_HEADER_TIME' is obsolete.
     configure.ac:112: You should run autoupdate.
     ./lib/autoconf/headers.m4:743: AC_HEADER_TIME is expanded from...
     configure.ac:112: the top level
     configure.ac:114: warning: The macro `AC_CHECKING' is obsolete.
     configure.ac:114: You should run autoupdate.
     ./lib/autoconf/general.m4:2499: AC_CHECKING is expanded from...
     configure.ac:114: the top level
    Non-standard file/directory found at top level:
     ‘jri’
Flavors: r-devel-linux-x86_64-fedora-clang, r-devel-linux-x86_64-fedora-gcc

Version: 1.0-5
Check: compiled code
Result: NOTE
    Note: information on .o files is not available
    File ‘/data/gannet/ripley/R/packages/tests-clang/rJava.Rcheck/rJava/libs/rJava.so’:
     Found ‘_exit’, possibly from ‘_exit’ (C)
     Found ‘stderr’, possibly from ‘stderr’ (C)
     Found ‘stdout’, possibly from ‘stdout’ (C)
    File ‘rJava/libs/rJava.so’:
     Found non-API calls to R: ‘R_CStackLimit’, ‘R_CStackStart’
    
    Compiled code should not call entry points which might terminate R nor
    write to stdout/stderr instead of to the console, nor use Fortran I/O
    nor system RNGs. The detected symbols are linked into the code but
    might come from libraries and not actually be called.
    Compiled code should not call non-API entry points in R.
    
    See ‘Writing portable packages’ in the ‘Writing R Extensions’ manual.
Flavor: r-devel-linux-x86_64-fedora-clang

Version: 1.0-5
Check: compiled code
Result: NOTE
    Note: information on .o files is not available
    File ‘/data/gannet/ripley/R/packages/tests-devel/rJava.Rcheck/rJava/libs/rJava.so’:
     Found ‘_exit’, possibly from ‘_exit’ (C)
     Found ‘stderr’, possibly from ‘stderr’ (C)
     Found ‘stdout’, possibly from ‘stdout’ (C)
    File ‘rJava/libs/rJava.so’:
     Found non-API calls to R: ‘R_CStackLimit’, ‘R_CStackStart’
    
    Compiled code should not call entry points which might terminate R nor
    write to stdout/stderr instead of to the console, nor use Fortran I/O
    nor system RNGs. The detected symbols are linked into the code but
    might come from libraries and not actually be called.
    Compiled code should not call non-API entry points in R.
    
    See ‘Writing portable packages’ in the ‘Writing R Extensions’ manual.
Flavor: r-devel-linux-x86_64-fedora-gcc

Version: 1.0-5
Check: compiled code
Result: NOTE
    Note: information on .o files for x64 is not available
    File 'd:/Rcompile/CRANpkg/lib/4.2/rJava/libs/x64/rJava.dll':
     Found 'abort', possibly from 'abort' (C), 'runtime' (Fortran)
    
    Compiled code should not call entry points which might terminate R nor
    write to stdout/stderr instead of to the console, nor use Fortran I/O
    nor system RNGs. The detected symbols are linked into the code but
    might come from libraries and not actually be called.
    
    See 'Writing portable packages' in the 'Writing R Extensions' manual.
Flavors: r-devel-windows-x86_64-new-UL, r-devel-windows-x86_64-old

Version: 1.0-5
Check: include directives in Makefiles
Result: NOTE
    Found the following Makefile(s) with an include directive with a pathname using R_HOME:
     jri/src/Makefile
     jri/src/Makefile.win
     jri/src/win32/Makefile
     src/jvm-w32/Makefile
    Even though not recommended, variable R_HOME may contain spaces.
    Makefile directives use space as a separator and there is no portable
    way to quote/escape the space in Make rules and directives. However,
    one can and should quote pathnames when passed from Makefile to the
    shell, and this can be done specifically when invoking Make recursively.
    It is therefore recommended to use the Make '-f' option to include files
    in directories specified using R_HOME. This option can be specified
    multiple times to include multiple Makefiles. Note that 'Makeconf' is
    included automatically into top-level makefile of a package.
    More information can be found in 'Writing R Extensions'.
Flavor: r-devel-windows-x86_64-new-TK

Version: 1.0-5
Check: compiled code
Result: NOTE
    Note: information on .o files for x64 is not available
    File 'C:/r_packages/pkgcheck/CRAN/rJava/rJava.Rcheck/rJava/libs/x64/rJava.dll':
     Found 'abort', possibly from 'abort' (C), 'runtime' (Fortran)
    
    Compiled code should not call entry points which might terminate R nor
    write to stdout/stderr instead of to the console, nor use Fortran I/O
    nor system RNGs. The detected symbols are linked into the code but
    might come from libraries and not actually be called.
    
    See 'Writing portable packages' in the 'Writing R Extensions' manual.
Flavor: r-devel-windows-x86_64-new-TK

Version: 1.0-5
Check: compiled code
Result: NOTE
    Note: information on .o files is not available
    File ‘/home/hornik/tmp/R.check/r-patched-gcc/Work/build/Packages/rJava/libs/rJava.so’:
     Found ‘_exit’, possibly from ‘_exit’ (C)
     Found ‘stderr’, possibly from ‘stderr’ (C)
     Found ‘stdout’, possibly from ‘stdout’ (C)
    File ‘rJava/libs/rJava.so’:
     Found non-API calls to R: ‘R_CStackLimit’, ‘R_CStackStart’
    
    Compiled code should not call entry points which might terminate R nor
    write to stdout/stderr instead of to the console, nor use Fortran I/O
    nor system RNGs. The detected symbols are linked into the code but
    might come from libraries and not actually be called.
    Compiled code should not call non-API entry points in R.
    
    See ‘Writing portable packages’ in the ‘Writing R Extensions’ manual.
Flavor: r-patched-linux-x86_64

Version: 1.0-5
Check: compiled code
Result: NOTE
    Note: information on .o files is not available
    File ‘/home/hornik/tmp/R.check/r-release-gcc/Work/build/Packages/rJava/libs/rJava.so’:
     Found ‘_exit’, possibly from ‘_exit’ (C)
     Found ‘stderr’, possibly from ‘stderr’ (C)
     Found ‘stdout’, possibly from ‘stdout’ (C)
    File ‘rJava/libs/rJava.so’:
     Found non-API calls to R: ‘R_CStackLimit’, ‘R_CStackStart’
    
    Compiled code should not call entry points which might terminate R nor
    write to stdout/stderr instead of to the console, nor use Fortran I/O
    nor system RNGs. The detected symbols are linked into the code but
    might come from libraries and not actually be called.
    Compiled code should not call non-API entry points in R.
    
    See ‘Writing portable packages’ in the ‘Writing R Extensions’ manual.
Flavor: r-release-linux-x86_64

Version: 1.0-5
Check: compiled code
Result: NOTE
    Note: information on .o files is not available
    File ‘/Volumes/Builds/packages/big-sur-arm64/results/4.1/rJava.Rcheck/rJava/libs/rJava.so’:
     Found ‘___stderrp’, possibly from ‘stderr’ (C)
     Found ‘___stdoutp’, possibly from ‘stdout’ (C)
    
    Compiled code should not call entry points which might terminate R nor
    write to stdout/stderr instead of to the console, nor use Fortran I/O
    nor system RNGs. The detected symbols are linked into the code but
    might come from libraries and not actually be called.
    
    See ‘Writing portable packages’ in the ‘Writing R Extensions’ manual.
Flavor: r-release-macos-arm64

Version: 1.0-5
Check: compiled code
Result: NOTE
    Note: information on .o files is not available
    File ‘/Volumes/Builds/packages/high-sierra-x86_64/results/4.1/rJava.Rcheck/rJava/libs/rJava.so’:
     Found ‘___stderrp’, possibly from ‘stderr’ (C)
     Found ‘___stdoutp’, possibly from ‘stdout’ (C)
    
    Compiled code should not call entry points which might terminate R nor
    write to stdout/stderr instead of to the console, nor use Fortran I/O
    nor system RNGs. The detected symbols are linked into the code but
    might come from libraries and not actually be called.
    
    See ‘Writing portable packages’ in the ‘Writing R Extensions’ manual.
Flavor: r-release-macos-x86_64

Version: 1.0-5
Check: compiled code
Result: NOTE
    Note: information on .o files for i386 is not available
    Note: information on .o files for x64 is not available
    File 'd:/Rcompile/CRANpkg/lib/4.1/rJava/libs/i386/rJava.dll':
     Found 'abort', possibly from 'abort' (C), 'runtime' (Fortran)
    File 'd:/Rcompile/CRANpkg/lib/4.1/rJava/libs/x64/rJava.dll':
     Found 'abort', possibly from 'abort' (C), 'runtime' (Fortran)
    
    Compiled code should not call entry points which might terminate R nor
    write to stdout/stderr instead of to the console, nor use Fortran I/O
    nor system RNGs. The detected symbols are linked into the code but
    might come from libraries and not actually be called.
    
    See 'Writing portable packages' in the 'Writing R Extensions' manual.
Flavor: r-release-windows-ix86+x86_64

Version: 1.0-5
Check: compiled code
Result: NOTE
    Note: information on .o files is not available
    File ‘/Volumes/Builds/packages/high-sierra-x86_64/results/4.0/rJava.Rcheck/rJava/libs/rJava.so’:
     Found ‘___stderrp’, possibly from ‘stderr’ (C)
     Found ‘___stdoutp’, possibly from ‘stdout’ (C)
    
    Compiled code should not call entry points which might terminate R nor
    write to stdout/stderr instead of to the console, nor use Fortran I/O
    nor system RNGs. The detected symbols are linked into the code but
    might come from libraries and not actually be called.
    
    See ‘Writing portable packages’ in the ‘Writing R Extensions’ manual.
Flavor: r-oldrel-macos-x86_64

Version: 1.0-5
Check: compiled code
Result: NOTE
    Note: information on .o files for i386 is not available
    Note: information on .o files for x64 is not available
    File 'd:/Rcompile/CRANpkg/lib/4.0/rJava/libs/i386/rJava.dll':
     Found 'abort', possibly from 'abort' (C), 'runtime' (Fortran)
    File 'd:/Rcompile/CRANpkg/lib/4.0/rJava/libs/x64/rJava.dll':
     Found 'abort', possibly from 'abort' (C), 'runtime' (Fortran)
    
    Compiled code should not call entry points which might terminate R nor
    write to stdout/stderr instead of to the console, nor use Fortran I/O
    nor system RNGs. The detected symbols are linked into the code but
    might come from libraries and not actually be called.
    
    See 'Writing portable packages' in the 'Writing R Extensions' manual.
Flavor: r-oldrel-windows-ix86+x86_64