CRAN Package Check Results for Package rJython

Last updated on 2021-06-19 22:56:43 CEST.

Flavor Version Tinstall Tcheck Ttotal Status Flags
r-devel-linux-x86_64-debian-clang 0.0-4 4.26 52.61 56.87 NOTE
r-devel-linux-x86_64-debian-gcc 0.0-4 2.94 41.04 43.98 NOTE
r-devel-linux-x86_64-fedora-clang 0.0-4 69.54 NOTE
r-devel-linux-x86_64-fedora-gcc 0.0-4 60.95 NOTE
r-devel-windows-x86_64 0.0-4 6.00 57.00 63.00 NOTE
r-devel-windows-x86_64-gcc10-UCRT 0.0-4 NOTE
r-patched-linux-x86_64 0.0-4 4.23 50.77 55.00 NOTE
r-patched-solaris-x86 0.0-4 76.00 NOTE
r-release-linux-x86_64 0.0-4 3.45 50.85 54.30 NOTE
r-release-macos-arm64 0.0-4 ERROR
r-release-macos-x86_64 0.0-4 NOTE
r-release-windows-ix86+x86_64 0.0-4 7.00 44.00 51.00 NOTE
r-oldrel-macos-x86_64 0.0-4 NOTE
r-oldrel-windows-ix86+x86_64 0.0-4 7.00 42.00 49.00 NOTE

Check Details

Version: 0.0-4
Check: top-level files
Result: NOTE
    File
     LICENSE
    is not mentioned in the DESCRIPTION file.
Flavors: r-devel-linux-x86_64-debian-clang, r-devel-linux-x86_64-debian-gcc, r-devel-linux-x86_64-fedora-clang, r-devel-linux-x86_64-fedora-gcc, r-devel-windows-x86_64, r-devel-windows-x86_64-gcc10-UCRT, r-patched-linux-x86_64, r-patched-solaris-x86, r-release-linux-x86_64, r-release-macos-arm64, r-release-macos-x86_64, r-release-windows-ix86+x86_64, r-oldrel-macos-x86_64, r-oldrel-windows-ix86+x86_64

Version: 0.0-4
Check: dependencies in R code
Result: NOTE
    'library' or 'require' call to 'rJava' which was already attached by Depends.
     Please remove these calls from your code.
Flavors: r-devel-linux-x86_64-debian-clang, r-devel-linux-x86_64-debian-gcc, r-devel-linux-x86_64-fedora-clang, r-devel-linux-x86_64-fedora-gcc, r-devel-windows-x86_64, r-devel-windows-x86_64-gcc10-UCRT, r-patched-linux-x86_64, r-patched-solaris-x86, r-release-linux-x86_64, r-release-macos-arm64, r-release-macos-x86_64, r-release-windows-ix86+x86_64, r-oldrel-macos-x86_64, r-oldrel-windows-ix86+x86_64

Version: 0.0-4
Check: installed package size
Result: NOTE
     installed size is 8.5Mb
Flavors: r-devel-linux-x86_64-fedora-clang, r-devel-windows-x86_64, r-patched-solaris-x86, r-release-macos-arm64, r-release-macos-x86_64, r-release-windows-ix86+x86_64, r-oldrel-macos-x86_64, r-oldrel-windows-ix86+x86_64

Version: 0.0-4
Check: examples
Result: ERROR
    Running examples in ‘rJython-Ex.R’ failed
    The error most likely occurred in:
    
    > ### Name: jython.assign
    > ### Title: Assign and get variables in Python from R
    > ### Aliases: jython.assign jython.get
    > ### Keywords: manip
    >
    > ### ** Examples
    >
    >
    > rJython <- rJython()
Flavor: r-release-macos-arm64