CRAN Package Check Results for Package rLTP

Last updated on 2024-04-15 23:10:15 CEST.

Flavor Version Tinstall Tcheck Ttotal Status Flags
r-devel-linux-x86_64-debian-clang 0.1.4 3.80 28.86 32.66 NOTE
r-devel-linux-x86_64-debian-gcc 0.1.4 3.38 22.75 26.13 NOTE
r-devel-linux-x86_64-fedora-clang 0.1.4 42.42 NOTE
r-devel-linux-x86_64-fedora-gcc 0.1.4 40.00 NOTE
r-prerel-macos-arm64 0.1.4 17.00 NOTE
r-prerel-windows-x86_64 0.1.4 7.00 45.00 52.00 NOTE
r-patched-linux-x86_64 0.1.4 4.36 27.63 31.99 NOTE
r-release-linux-x86_64 0.1.4 3.75 28.51 32.26 NOTE
r-release-macos-arm64 0.1.4 18.00 NOTE
r-release-macos-x86_64 0.1.4 24.00 NOTE
r-release-windows-x86_64 0.1.4 9.00 48.00 57.00 NOTE
r-oldrel-macos-arm64 0.1.4 18.00 NOTE
r-oldrel-windows-x86_64 0.1.4 8.00 53.00 61.00 NOTE

Check Details

Version: 0.1.4
Check: LazyData
Result: NOTE 'LazyData' is specified without a 'data' directory Flavors: r-devel-linux-x86_64-debian-clang, r-devel-linux-x86_64-debian-gcc, r-devel-linux-x86_64-fedora-clang, r-devel-linux-x86_64-fedora-gcc, r-prerel-macos-arm64, r-prerel-windows-x86_64, r-patched-linux-x86_64, r-release-linux-x86_64, r-release-macos-arm64, r-release-macos-x86_64, r-release-windows-x86_64, r-oldrel-macos-arm64, r-oldrel-windows-x86_64